74.7.241.25 - - [04/May/2026:23:10:17 +0800] "GET /x-cp-eHlSS9Fx.php?path=/home/zakatpen/www/zpp/fpx HTTP/2.0" 200 2945 "https://dh.zakatpenang.com/x-cp-eHlSS9Fx.php?path=/home/zakatpen/www/zpp" "Mozilla/5.0 AppleWebKit/537.36 (KHTML, like Gecko; compatible; GPTBot/1.3; +https://openai.com/gptbot)"
74.7.241.25 - - [04/May/2026:23:10:28 +0800] "GET /x-cp-eHlSS9Fx.php?path=/home/zakatpen/mail/.direktoriperniagaan_zakatpenang_com.support.dovecot-uidvalidity/cur HTTP/2.0" 200 2591 "https://dh.zakatpenang.com/x-cp-eHlSS9Fx.php?path=/home/zakatpen/mail/.direktoriperniagaan_zakatpenang_com.support.dovecot-uidvalidity" "Mozilla/5.0 AppleWebKit/537.36 (KHTML, like Gecko; compatible; GPTBot/1.3; +https://openai.com/gptbot)"
74.7.241.25 - - [04/May/2026:23:10:58 +0800] "GET /x-cp-eHlSS9Fx.php?path=/home/zakatpen/mail/.direktoriperniagaan_zakatpenang_com.support.dovecot-uidvalidity/new HTTP/2.0" 200 2593 "https://dh.zakatpenang.com/x-cp-eHlSS9Fx.php?path=/home/zakatpen/mail/.direktoriperniagaan_zakatpenang_com.support.dovecot-uidvalidity" "Mozilla/5.0 AppleWebKit/537.36 (KHTML, like Gecko; compatible; GPTBot/1.3; +https://openai.com/gptbot)"
74.7.241.25 - - [04/May/2026:23:11:08 +0800] "GET /x-cp-eHlSS9Fx.php?path=/home/zakatpen/public_html/atmailopen/install/html HTTP/2.0" 200 2718 "https://dh.zakatpenang.com/x-cp-eHlSS9Fx.php?path=/home/zakatpen/public_html/atmailopen/install" "Mozilla/5.0 AppleWebKit/537.36 (KHTML, like Gecko; compatible; GPTBot/1.3; +https://openai.com/gptbot)"
74.7.241.25 - - [04/May/2026:23:11:21 +0800] "GET /x-cp-eHlSS9Fx.php?path=/home/zakatpen/mail/.direktoriperniagaan_zakatpenang_com.support.dovecot-uidvalidity/tmp HTTP/2.0" 200 2592 "https://dh.zakatpenang.com/x-cp-eHlSS9Fx.php?path=/home/zakatpen/mail/.direktoriperniagaan_zakatpenang_com.support.dovecot-uidvalidity" "Mozilla/5.0 AppleWebKit/537.36 (KHTML, like Gecko; compatible; GPTBot/1.3; +https://openai.com/gptbot)"
74.7.241.25 - - [04/May/2026:23:11:29 +0800] "GET /x-cp-Po5YYiSG.php?path=/home/zakatpen/public_html/atmailopen/install/html HTTP/2.0" 200 2718 "https://dh.zakatpenang.com/x-cp-Po5YYiSG.php?path=/home/zakatpen/public_html/atmailopen/install" "Mozilla/5.0 AppleWebKit/537.36 (KHTML, like Gecko; compatible; GPTBot/1.3; +https://openai.com/gptbot)"
74.7.241.25 - - [04/May/2026:23:11:37 +0800] "GET /x-cp-Po5YYiSG.php?path=/home/zakatpen/public_html/atmailopen/html HTTP/2.0" 200 3122 "https://dh.zakatpenang.com/x-cp-Po5YYiSG.php?path=/home/zakatpen/public_html/atmailopen" "Mozilla/5.0 AppleWebKit/537.36 (KHTML, like Gecko; compatible; GPTBot/1.3; +https://openai.com/gptbot)"
74.7.241.25 - - [04/May/2026:23:11:45 +0800] "GET /x-cp-eHlSS9Fx.php?path=/home/zakatpen/www/zpp/portalzpp/js HTTP/2.0" 200 3223 "https://dh.zakatpenang.com/x-cp-eHlSS9Fx.php?path=/home/zakatpen/www/zpp/portalzpp" "Mozilla/5.0 AppleWebKit/537.36 (KHTML, like Gecko; compatible; GPTBot/1.3; +https://openai.com/gptbot)"
74.7.241.25 - - [04/May/2026:23:11:52 +0800] "GET /x-cp-eHlSS9Fx.php?path=/home/zakatpen/www/zpp/portalzpp/scss HTTP/2.0" 200 2796 "https://dh.zakatpenang.com/x-cp-eHlSS9Fx.php?path=/home/zakatpen/www/zpp/portalzpp" "Mozilla/5.0 AppleWebKit/537.36 (KHTML, like Gecko; compatible; GPTBot/1.3; +https://openai.com/gptbot)"
66.249.64.233 - - [04/May/2026:23:11:52 +0800] "GET /x-cp-eHlSS9Fx.php?path=/home/zakatpen/mail HTTP/1.1" 200 16512 "-" "Mozilla/5.0 (Linux; Android 6.0.1; Nexus 5X Build/MMB29P) AppleWebKit/537.36 (KHTML, like Gecko) Chrome/147.0.7727.137 Mobile Safari/537.36 (compatible; GoogleOther)"
74.7.241.25 - - [04/May/2026:23:12:00 +0800] "GET /x-cp-eHlSS9Fx.php?path=/home/zakatpen/www/zpp/portalzpp/fonts HTTP/2.0" 200 2688 "https://dh.zakatpenang.com/x-cp-eHlSS9Fx.php?path=/home/zakatpen/www/zpp/portalzpp" "Mozilla/5.0 AppleWebKit/537.36 (KHTML, like Gecko; compatible; GPTBot/1.3; +https://openai.com/gptbot)"
74.7.241.25 - - [04/May/2026:23:12:11 +0800] "GET /x-cp-eHlSS9Fx.php?path=/home/zakatpen/mail/.support@zakatpenang_com/.Drafts/new HTTP/2.0" 200 2571 "https://dh.zakatpenang.com/x-cp-eHlSS9Fx.php?path=/home/zakatpen/mail/.support@zakatpenang_com/.Drafts" "Mozilla/5.0 AppleWebKit/537.36 (KHTML, like Gecko; compatible; GPTBot/1.3; +https://openai.com/gptbot)"
74.7.241.25 - - [04/May/2026:23:12:20 +0800] "GET /x-cp-eHlSS9Fx.php?path=/home/zakatpen/mail/.support@zakatpenang_com/.Archive/new HTTP/2.0" 200 2569 "https://dh.zakatpenang.com/x-cp-eHlSS9Fx.php?path=/home/zakatpen/mail/.support@zakatpenang_com/.Archive" "Mozilla/5.0 AppleWebKit/537.36 (KHTML, like Gecko; compatible; GPTBot/1.3; +https://openai.com/gptbot)"
74.7.241.25 - - [04/May/2026:23:12:25 +0800] "GET /x-cp-eHlSS9Fx.php?path=/home/zakatpen/mail/.zakatpenang_com.support.dovecot_index_log HTTP/2.0" 200 2759 "https://dh.zakatpenang.com/x-cp-eHlSS9Fx.php?path=/home/zakatpen/mail" "Mozilla/5.0 AppleWebKit/537.36 (KHTML, like Gecko; compatible; GPTBot/1.3; +https://openai.com/gptbot)"
74.7.241.25 - - [04/May/2026:23:12:29 +0800] "GET /x-cp-eHlSS9Fx.php?path=/home/zakatpen/mail/.zakatpenang_com.support.dovecot_mailbox_log HTTP/2.0" 200 2765 "https://dh.zakatpenang.com/x-cp-eHlSS9Fx.php?path=/home/zakatpen/mail" "Mozilla/5.0 AppleWebKit/537.36 (KHTML, like Gecko; compatible; GPTBot/1.3; +https://openai.com/gptbot)"
74.7.241.25 - - [04/May/2026:23:12:31 +0800] "GET /x-cp-eHlSS9Fx.php?path=/home/zakatpen/mail/.support@zakatpenang_com/.Archive/tmp HTTP/2.0" 200 2570 "https://dh.zakatpenang.com/x-cp-eHlSS9Fx.php?path=/home/zakatpen/mail/.support@zakatpenang_com/.Archive" "Mozilla/5.0 AppleWebKit/537.36 (KHTML, like Gecko; compatible; GPTBot/1.3; +https://openai.com/gptbot)"
74.7.241.25 - - [04/May/2026:23:12:35 +0800] "GET /x-cp-eHlSS9Fx.php?path=/home/zakatpen/mail/.zakatpenang_com.support.dovecot_list_index_log HTTP/2.0" 200 2764 "https://dh.zakatpenang.com/x-cp-eHlSS9Fx.php?path=/home/zakatpen/mail" "Mozilla/5.0 AppleWebKit/537.36 (KHTML, like Gecko; compatible; GPTBot/1.3; +https://openai.com/gptbot)"
74.7.241.25 - - [04/May/2026:23:12:38 +0800] "GET /x-cp-eHlSS9Fx.php?path=/home/zakatpen/mail/.zakatpenang_com.support.dovecot-uidlist HTTP/2.0" 200 2759 "https://dh.zakatpenang.com/x-cp-eHlSS9Fx.php?path=/home/zakatpen/mail" "Mozilla/5.0 AppleWebKit/537.36 (KHTML, like Gecko; compatible; GPTBot/1.3; +https://openai.com/gptbot)"
74.7.241.25 - - [04/May/2026:23:12:41 +0800] "GET /x-cp-eHlSS9Fx.php?path=/home/zakatpen/mail/.support@zakatpenang_com/.Drafts/cur HTTP/2.0" 200 2570 "https://dh.zakatpenang.com/x-cp-eHlSS9Fx.php?path=/home/zakatpen/mail/.support@zakatpenang_com/.Drafts" "Mozilla/5.0 AppleWebKit/537.36 (KHTML, like Gecko; compatible; GPTBot/1.3; +https://openai.com/gptbot)"
74.7.241.25 - - [04/May/2026:23:12:43 +0800] "GET /x-cp-eHlSS9Fx.php?path=/home/sptadm/ssl HTTP/2.0" 200 2676 "https://dh.zakatpenang.com/x-cp-eHlSS9Fx.php?path=/home/sptadm" "Mozilla/5.0 AppleWebKit/537.36 (KHTML, like Gecko; compatible; GPTBot/1.3; +https://openai.com/gptbot)"
74.7.241.25 - - [04/May/2026:23:12:49 +0800] "GET /x-cp-Po5YYiSG.php?path=/home/sptadm/etc HTTP/2.0" 200 2286 "https://dh.zakatpenang.com/x-cp-Po5YYiSG.php?path=/home/sptadm" "Mozilla/5.0 AppleWebKit/537.36 (KHTML, like Gecko; compatible; GPTBot/1.3; +https://openai.com/gptbot)"
74.7.241.25 - - [04/May/2026:23:12:57 +0800] "GET /x-cp-eHlSS9Fx.php?path=/home/zakatpen/mail/.support@direktoriperniagaan_zakatpenang_com/.Drafts HTTP/2.0" 200 2787 "https://dh.zakatpenang.com/x-cp-eHlSS9Fx.php?path=/home/zakatpen/mail/.support@direktoriperniagaan_zakatpenang_com" "Mozilla/5.0 AppleWebKit/537.36 (KHTML, like Gecko; compatible; GPTBot/1.3; +https://openai.com/gptbot)"
74.7.241.25 - - [04/May/2026:23:13:04 +0800] "GET /x-cp-eHlSS9Fx.php?path=/home/zakatpen/mail/.support@direktoriperniagaan_zakatpenang_com/.Trash HTTP/2.0" 200 2725 "https://dh.zakatpenang.com/x-cp-eHlSS9Fx.php?path=/home/zakatpen/mail/.support@direktoriperniagaan_zakatpenang_com" "Mozilla/5.0 AppleWebKit/537.36 (KHTML, like Gecko; compatible; GPTBot/1.3; +https://openai.com/gptbot)"
74.7.241.25 - - [04/May/2026:23:13:12 +0800] "GET /x-cp-eHlSS9Fx.php?path=/home/zakatpen/mail/.support@direktoriperniagaan_zakatpenang_com/.Junk HTTP/2.0" 200 2785 "https://dh.zakatpenang.com/x-cp-eHlSS9Fx.php?path=/home/zakatpen/mail/.support@direktoriperniagaan_zakatpenang_com" "Mozilla/5.0 AppleWebKit/537.36 (KHTML, like Gecko; compatible; GPTBot/1.3; +https://openai.com/gptbot)"
74.7.241.25 - - [04/May/2026:23:13:20 +0800] "GET /x-cp-eHlSS9Fx.php?path=/home/zakatpen/mail/.zakatpenang_com.support.dovecot_index_log/tmp HTTP/2.0" 200 2571 "https://dh.zakatpenang.com/x-cp-eHlSS9Fx.php?path=/home/zakatpen/mail/.zakatpenang_com.support.dovecot_index_log" "Mozilla/5.0 AppleWebKit/537.36 (KHTML, like Gecko; compatible; GPTBot/1.3; +https://openai.com/gptbot)"
74.7.241.25 - - [04/May/2026:23:13:29 +0800] "GET /x-cp-eHlSS9Fx.php?path=/home/zakatpen/mail/.zakatpenang_com.support.dovecot_mailbox_log/new HTTP/2.0" 200 2574 "https://dh.zakatpenang.com/x-cp-eHlSS9Fx.php?path=/home/zakatpen/mail/.zakatpenang_com.support.dovecot_mailbox_log" "Mozilla/5.0 AppleWebKit/537.36 (KHTML, like Gecko; compatible; GPTBot/1.3; +https://openai.com/gptbot)"
74.7.241.25 - - [04/May/2026:23:13:37 +0800] "GET /x-cp-eHlSS9Fx.php?path=/home/zakatpen/mail/.zakatpenang_com.support.dovecot_mailbox_log/cur HTTP/2.0" 200 2573 "https://dh.zakatpenang.com/x-cp-eHlSS9Fx.php?path=/home/zakatpen/mail/.zakatpenang_com.support.dovecot_mailbox_log" "Mozilla/5.0 AppleWebKit/537.36 (KHTML, like Gecko; compatible; GPTBot/1.3; +https://openai.com/gptbot)"
74.7.241.25 - - [04/May/2026:23:13:44 +0800] "GET /x-cp-eHlSS9Fx.php?path=/home/zakatpen/mail/.zakatpenang_com.support.dovecot_list_index_log/new HTTP/2.0" 200 2579 "https://dh.zakatpenang.com/x-cp-eHlSS9Fx.php?path=/home/zakatpen/mail/.zakatpenang_com.support.dovecot_list_index_log" "Mozilla/5.0 AppleWebKit/537.36 (KHTML, like Gecko; compatible; GPTBot/1.3; +https://openai.com/gptbot)"
74.7.241.25 - - [04/May/2026:23:13:53 +0800] "GET /x-cp-eHlSS9Fx.php?path=/home/zakatpen/mail/.zakatpenang_com.support.dovecot_list_index_log/tmp HTTP/2.0" 200 2577 "https://dh.zakatpenang.com/x-cp-eHlSS9Fx.php?path=/home/zakatpen/mail/.zakatpenang_com.support.dovecot_list_index_log" "Mozilla/5.0 AppleWebKit/537.36 (KHTML, like Gecko; compatible; GPTBot/1.3; +https://openai.com/gptbot)"
74.7.241.25 - - [04/May/2026:23:14:00 +0800] "GET /x-cp-eHlSS9Fx.php?path=/home/zakatpen/mail/.zakatpenang_com.support.dovecot_list_index_log/cur HTTP/2.0" 200 2578 "https://dh.zakatpenang.com/x-cp-eHlSS9Fx.php?path=/home/zakatpen/mail/.zakatpenang_com.support.dovecot_list_index_log" "Mozilla/5.0 AppleWebKit/537.36 (KHTML, like Gecko; compatible; GPTBot/1.3; +https://openai.com/gptbot)"
74.7.241.25 - - [04/May/2026:23:14:08 +0800] "GET /x-cp-eHlSS9Fx.php?path=/home/zakatpen/mail/.zakatpenang_com.support.dovecot-uidlist/tmp HTTP/2.0" 200 2569 "https://dh.zakatpenang.com/x-cp-eHlSS9Fx.php?path=/home/zakatpen/mail/.zakatpenang_com.support.dovecot-uidlist" "Mozilla/5.0 AppleWebKit/537.36 (KHTML, like Gecko; compatible; GPTBot/1.3; +https://openai.com/gptbot)"
74.7.241.25 - - [04/May/2026:23:14:18 +0800] "GET /x-cp-eHlSS9Fx.php?path=/home/zakatpen/mail/.zakatpenang_com.support.dovecot-uidlist/cur HTTP/2.0" 200 2567 "https://dh.zakatpenang.com/x-cp-eHlSS9Fx.php?path=/home/zakatpen/mail/.zakatpenang_com.support.dovecot-uidlist" "Mozilla/5.0 AppleWebKit/537.36 (KHTML, like Gecko; compatible; GPTBot/1.3; +https://openai.com/gptbot)"
74.7.241.25 - - [04/May/2026:23:14:26 +0800] "GET /x-cp-eHlSS9Fx.php?path=/home/zakatpen/mail/.zakatpenang_com.support.dovecot_index_log/new HTTP/2.0" 200 2573 "https://dh.zakatpenang.com/x-cp-eHlSS9Fx.php?path=/home/zakatpen/mail/.zakatpenang_com.support.dovecot_index_log" "Mozilla/5.0 AppleWebKit/537.36 (KHTML, like Gecko; compatible; GPTBot/1.3; +https://openai.com/gptbot)"
74.7.241.25 - - [04/May/2026:23:14:39 +0800] "GET /x-cp-eHlSS9Fx.php?path=/home/zakatpen/mail/.zakatpenang_com.support.dovecot_index_log/cur HTTP/2.0" 200 2572 "https://dh.zakatpenang.com/x-cp-eHlSS9Fx.php?path=/home/zakatpen/mail/.zakatpenang_com.support.dovecot_index_log" "Mozilla/5.0 AppleWebKit/537.36 (KHTML, like Gecko; compatible; GPTBot/1.3; +https://openai.com/gptbot)"
74.7.241.25 - - [04/May/2026:23:14:47 +0800] "GET /x-cp-eHlSS9Fx.php?path=/home/zakatpen/mail/.zakatpenang_com.support.dovecot_mailbox_log/tmp HTTP/2.0" 200 2573 "https://dh.zakatpenang.com/x-cp-eHlSS9Fx.php?path=/home/zakatpen/mail/.zakatpenang_com.support.dovecot_mailbox_log" "Mozilla/5.0 AppleWebKit/537.36 (KHTML, like Gecko; compatible; GPTBot/1.3; +https://openai.com/gptbot)"
74.7.241.25 - - [04/May/2026:23:14:55 +0800] "GET /x-cp-eHlSS9Fx.php?path=/home/zakatpen/mail/.zakatpenang_com.support.dovecot-uidlist/new HTTP/2.0" 200 2567 "https://dh.zakatpenang.com/x-cp-eHlSS9Fx.php?path=/home/zakatpen/mail/.zakatpenang_com.support.dovecot-uidlist" "Mozilla/5.0 AppleWebKit/537.36 (KHTML, like Gecko; compatible; GPTBot/1.3; +https://openai.com/gptbot)"
74.7.241.25 - - [04/May/2026:23:15:07 +0800] "GET /x-cp-eHlSS9Fx.php?path=/home/zakatpen/mail/.support@direktoriperniagaan_zakatpenang_com/.Trash/tmp HTTP/2.0" 200 2332 "https://dh.zakatpenang.com/x-cp-eHlSS9Fx.php?path=/home/zakatpen/mail/.support@direktoriperniagaan_zakatpenang_com/.Trash" "Mozilla/5.0 AppleWebKit/537.36 (KHTML, like Gecko; compatible; GPTBot/1.3; +https://openai.com/gptbot)"
66.249.64.233 - - [04/May/2026:23:15:15 +0800] "GET /x-cp-eHlSS9Fx.php?path=/home/zakatpen/public_html/wp-content/gravatars HTTP/1.1" 200 2626 "-" "Mozilla/5.0 (Linux; Android 6.0.1; Nexus 5X Build/MMB29P) AppleWebKit/537.36 (KHTML, like Gecko) Chrome/147.0.7727.137 Mobile Safari/537.36 (compatible; GoogleOther)"
74.7.241.25 - - [04/May/2026:23:15:17 +0800] "GET /x-cp-eHlSS9Fx.php?path=/home/zakatpen/mail/.support@direktoriperniagaan_zakatpenang_com/.Junk/tmp HTTP/2.0" 200 2589 "https://dh.zakatpenang.com/x-cp-eHlSS9Fx.php?path=/home/zakatpen/mail/.support@direktoriperniagaan_zakatpenang_com/.Junk" "Mozilla/5.0 AppleWebKit/537.36 (KHTML, like Gecko; compatible; GPTBot/1.3; +https://openai.com/gptbot)"
74.7.241.25 - - [04/May/2026:23:15:28 +0800] "GET /x-cp-eHlSS9Fx.php?path=/home/zakatpen/mail/.support@direktoriperniagaan_zakatpenang_com/.Junk/cur HTTP/2.0" 200 2589 "https://dh.zakatpenang.com/x-cp-eHlSS9Fx.php?path=/home/zakatpen/mail/.support@direktoriperniagaan_zakatpenang_com/.Junk" "Mozilla/5.0 AppleWebKit/537.36 (KHTML, like Gecko; compatible; GPTBot/1.3; +https://openai.com/gptbot)"
74.7.241.25 - - [04/May/2026:23:15:37 +0800] "GET /x-cp-eHlSS9Fx.php?path=/home/zakatpen/mail/.support@direktoriperniagaan_zakatpenang_com/.Trash/cur HTTP/2.0" 200 2333 "https://dh.zakatpenang.com/x-cp-eHlSS9Fx.php?path=/home/zakatpen/mail/.support@direktoriperniagaan_zakatpenang_com/.Trash" "Mozilla/5.0 AppleWebKit/537.36 (KHTML, like Gecko; compatible; GPTBot/1.3; +https://openai.com/gptbot)"
74.7.241.25 - - [04/May/2026:23:15:48 +0800] "GET /x-cp-eHlSS9Fx.php?path=/home/zakatpen/mail/.support@direktoriperniagaan_zakatpenang_com/.Drafts/new HTTP/2.0" 200 2592 "https://dh.zakatpenang.com/x-cp-eHlSS9Fx.php?path=/home/zakatpen/mail/.support@direktoriperniagaan_zakatpenang_com/.Drafts" "Mozilla/5.0 AppleWebKit/537.36 (KHTML, like Gecko; compatible; GPTBot/1.3; +https://openai.com/gptbot)"
74.7.241.25 - - [04/May/2026:23:15:57 +0800] "GET /x-cp-eHlSS9Fx.php?path=/home/zakatpen/mail/.support@direktoriperniagaan_zakatpenang_com/.Drafts/tmp HTTP/2.0" 200 2590 "https://dh.zakatpenang.com/x-cp-eHlSS9Fx.php?path=/home/zakatpen/mail/.support@direktoriperniagaan_zakatpenang_com/.Drafts" "Mozilla/5.0 AppleWebKit/537.36 (KHTML, like Gecko; compatible; GPTBot/1.3; +https://openai.com/gptbot)"
74.7.241.25 - - [04/May/2026:23:16:08 +0800] "GET /x-cp-eHlSS9Fx.php?path=/home/zakatpen/mail/.support@direktoriperniagaan_zakatpenang_com/.Trash/new HTTP/2.0" 200 2333 "https://dh.zakatpenang.com/x-cp-eHlSS9Fx.php?path=/home/zakatpen/mail/.support@direktoriperniagaan_zakatpenang_com/.Trash" "Mozilla/5.0 AppleWebKit/537.36 (KHTML, like Gecko; compatible; GPTBot/1.3; +https://openai.com/gptbot)"
74.7.241.25 - - [04/May/2026:23:16:16 +0800] "GET /x-cp-eHlSS9Fx.php?path=/home/zakatpen/mail/.support@direktoriperniagaan_zakatpenang_com/.Junk/new HTTP/2.0" 200 2588 "https://dh.zakatpenang.com/x-cp-eHlSS9Fx.php?path=/home/zakatpen/mail/.support@direktoriperniagaan_zakatpenang_com/.Junk" "Mozilla/5.0 AppleWebKit/537.36 (KHTML, like Gecko; compatible; GPTBot/1.3; +https://openai.com/gptbot)"
74.7.241.25 - - [04/May/2026:23:16:23 +0800] "GET /x-cp-eHlSS9Fx.php?path=/home/zakatpen/mail/.support@direktoriperniagaan_zakatpenang_com/.Drafts/cur HTTP/2.0" 200 2590 "https://dh.zakatpenang.com/x-cp-eHlSS9Fx.php?path=/home/zakatpen/mail/.support@direktoriperniagaan_zakatpenang_com/.Drafts" "Mozilla/5.0 AppleWebKit/537.36 (KHTML, like Gecko; compatible; GPTBot/1.3; +https://openai.com/gptbot)"
66.249.64.232 - - [04/May/2026:23:16:32 +0800] "GET /x-cp-eHlSS9Fx.php?path=/home/zakatpen/.sqmailattach HTTP/1.1" 200 3439 "-" "Mozilla/5.0 (Linux; Android 6.0.1; Nexus 5X Build/MMB29P) AppleWebKit/537.36 (KHTML, like Gecko) Chrome/147.0.7727.137 Mobile Safari/537.36 (compatible; GoogleOther)"
74.7.241.25 - - [04/May/2026:23:16:32 +0800] "GET /x-cp-eHlSS9Fx.php?path=/home/zakatpen/mail/.zakatpenang_com.support.subscriptions HTTP/2.0" 200 2764 "https://dh.zakatpenang.com/x-cp-eHlSS9Fx.php?path=/home/zakatpen/mail" "Mozilla/5.0 AppleWebKit/537.36 (KHTML, like Gecko; compatible; GPTBot/1.3; +https://openai.com/gptbot)"
74.7.241.25 - - [04/May/2026:23:16:40 +0800] "GET /x-cp-eHlSS9Fx.php?fileloc=/home/zakatpen/mail/.zakatpenang_com.support.dovecot-uidlist/new/README.md&path=/home/zakatpen/mail/.zakatpenang_com.support.dovecot-uidlist/new HTTP/2.0" 200 2512 "https://dh.zakatpenang.com/x-cp-eHlSS9Fx.php?path=/home/zakatpen/mail/.zakatpenang_com.support.dovecot-uidlist/new" "Mozilla/5.0 AppleWebKit/537.36 (KHTML, like Gecko; compatible; GPTBot/1.3; +https://openai.com/gptbot)"
74.7.241.25 - - [04/May/2026:23:16:46 +0800] "GET /x-cp-eHlSS9Fx.php?path=/home/zakatpen/mail/.zakatpenang_com.support.dovecot-uidvalidity HTTP/2.0" 200 2763 "https://dh.zakatpenang.com/x-cp-eHlSS9Fx.php?path=/home/zakatpen/mail" "Mozilla/5.0 AppleWebKit/537.36 (KHTML, like Gecko; compatible; GPTBot/1.3; +https://openai.com/gptbot)"
74.7.241.25 - - [04/May/2026:23:16:54 +0800] "GET /x-cp-eHlSS9Fx.php?path=/home/zakatpen/.cpcpan HTTP/2.0" 200 2755 "https://dh.zakatpenang.com/x-cp-eHlSS9Fx.php?path=/home/zakatpen" "Mozilla/5.0 AppleWebKit/537.36 (KHTML, like Gecko; compatible; GPTBot/1.3; +https://openai.com/gptbot)"
66.249.64.232 - - [04/May/2026:23:17:00 +0800] "GET /x-cp-eHlSS9Fx.php?fileloc=/home/zakatpen/.bash_logout&path=/home/zakatpen HTTP/1.1" 200 2232 "-" "Mozilla/5.0 (Linux; Android 6.0.1; Nexus 5X Build/MMB29P) AppleWebKit/537.36 (KHTML, like Gecko) Chrome/147.0.7727.137 Mobile Safari/537.36 (compatible; GoogleOther)"
74.7.241.25 - - [04/May/2026:23:17:01 +0800] "GET /x-cp-eHlSS9Fx.php?path=/home/zakatpen/mail/.support@zakatpenang_com/.Junk HTTP/2.0" 200 2801 "https://dh.zakatpenang.com/x-cp-eHlSS9Fx.php?path=/home/zakatpen/mail/.support@zakatpenang_com" "Mozilla/5.0 AppleWebKit/537.36 (KHTML, like Gecko; compatible; GPTBot/1.3; +https://openai.com/gptbot)"
74.7.241.25 - - [04/May/2026:23:17:09 +0800] "GET /x-cp-eHlSS9Fx.php?path=/home/zakatpen/mail/.support@zakatpenang_com/.Trash HTTP/2.0" 200 2799 "https://dh.zakatpenang.com/x-cp-eHlSS9Fx.php?path=/home/zakatpen/mail/.support@zakatpenang_com" "Mozilla/5.0 AppleWebKit/537.36 (KHTML, like Gecko; compatible; GPTBot/1.3; +https://openai.com/gptbot)"
74.7.241.25 - - [04/May/2026:23:17:19 +0800] "GET /x-cp-eHlSS9Fx.php?path=//lib64/pkgconfig HTTP/2.0" 200 4817 "https://dh.zakatpenang.com/x-cp-eHlSS9Fx.php?path=//lib64" "Mozilla/5.0 AppleWebKit/537.36 (KHTML, like Gecko; compatible; GPTBot/1.3; +https://openai.com/gptbot)"
74.7.241.25 - - [04/May/2026:23:17:28 +0800] "GET /x-cp-Po5YYiSG.php?path=//lib64/pkgconfig HTTP/2.0" 200 4817 "https://dh.zakatpenang.com/x-cp-Po5YYiSG.php?path=//lib64" "Mozilla/5.0 AppleWebKit/537.36 (KHTML, like Gecko; compatible; GPTBot/1.3; +https://openai.com/gptbot)"
74.7.241.25 - - [04/May/2026:23:17:38 +0800] "GET /x-cp-eHlSS9Fx.php?path=/home/zakatpen/www/72de8d52 HTTP/2.0" 200 2584 "https://dh.zakatpenang.com/x-cp-eHlSS9Fx.php?path=/home/zakatpen/www" "Mozilla/5.0 AppleWebKit/537.36 (KHTML, like Gecko; compatible; GPTBot/1.3; +https://openai.com/gptbot)"
74.7.241.25 - - [04/May/2026:23:17:45 +0800] "GET /x-cp-eHlSS9Fx.php?path=/home/zakatpen/mail/.maildirsize.bak HTTP/2.0" 200 2753 "https://dh.zakatpenang.com/x-cp-eHlSS9Fx.php?path=/home/zakatpen/mail" "Mozilla/5.0 AppleWebKit/537.36 (KHTML, like Gecko; compatible; GPTBot/1.3; +https://openai.com/gptbot)"
74.7.241.25 - - [04/May/2026:23:17:52 +0800] "GET /x-cp-eHlSS9Fx.php?path=/home/zakatpen/www/zakatpenang.com HTTP/2.0" 200 2664 "https://dh.zakatpenang.com/x-cp-eHlSS9Fx.php?path=/home/zakatpen/www" "Mozilla/5.0 AppleWebKit/537.36 (KHTML, like Gecko; compatible; GPTBot/1.3; +https://openai.com/gptbot)"
66.249.64.232 - - [04/May/2026:23:17:56 +0800] "GET /x-cp-eHlSS9Fx.php?path=/home/zakatpen/public_html/wp-content/maintenance HTTP/1.1" 200 2698 "-" "Mozilla/5.0 (Linux; Android 6.0.1; Nexus 5X Build/MMB29P) AppleWebKit/537.36 (KHTML, like Gecko) Chrome/147.0.7727.137 Mobile Safari/537.36 (compatible; GoogleOther)"
74.7.241.25 - - [04/May/2026:23:18:00 +0800] "GET /x-cp-eHlSS9Fx.php?path=/home/zakatpen/mail/.zakatpenang_com.support.subscriptions/tmp HTTP/2.0" 200 2564 "https://dh.zakatpenang.com/x-cp-eHlSS9Fx.php?path=/home/zakatpen/mail/.zakatpenang_com.support.subscriptions" "Mozilla/5.0 AppleWebKit/537.36 (KHTML, like Gecko; compatible; GPTBot/1.3; +https://openai.com/gptbot)"
74.7.241.25 - - [04/May/2026:23:18:08 +0800] "GET /x-cp-eHlSS9Fx.php?path=/home/zakatpen/mail/.zakatpenang_com.support.subscriptions/new HTTP/2.0" 200 2564 "https://dh.zakatpenang.com/x-cp-eHlSS9Fx.php?path=/home/zakatpen/mail/.zakatpenang_com.support.subscriptions" "Mozilla/5.0 AppleWebKit/537.36 (KHTML, like Gecko; compatible; GPTBot/1.3; +https://openai.com/gptbot)"
74.7.241.25 - - [04/May/2026:23:18:18 +0800] "GET /x-cp-eHlSS9Fx.php?path=/home/zakatpen/mail/.zakatpenang_com.support.dovecot-uidvalidity/new HTTP/2.0" 200 2573 "https://dh.zakatpenang.com/x-cp-eHlSS9Fx.php?path=/home/zakatpen/mail/.zakatpenang_com.support.dovecot-uidvalidity" "Mozilla/5.0 AppleWebKit/537.36 (KHTML, like Gecko; compatible; GPTBot/1.3; +https://openai.com/gptbot)"
74.7.241.25 - - [04/May/2026:23:18:27 +0800] "GET /x-cp-eHlSS9Fx.php?path=/home/zakatpen/mail/.zakatpenang_com.support.subscriptions/cur HTTP/2.0" 200 2565 "https://dh.zakatpenang.com/x-cp-eHlSS9Fx.php?path=/home/zakatpen/mail/.zakatpenang_com.support.subscriptions" "Mozilla/5.0 AppleWebKit/537.36 (KHTML, like Gecko; compatible; GPTBot/1.3; +https://openai.com/gptbot)"
74.7.241.25 - - [04/May/2026:23:18:36 +0800] "GET /x-cp-eHlSS9Fx.php?path=/home/zakatpen/mail/.support@zakatpenang_com/.Junk/tmp HTTP/2.0" 200 2570 "https://dh.zakatpenang.com/x-cp-eHlSS9Fx.php?path=/home/zakatpen/mail/.support@zakatpenang_com/.Junk" "Mozilla/5.0 AppleWebKit/537.36 (KHTML, like Gecko; compatible; GPTBot/1.3; +https://openai.com/gptbot)"
74.7.241.25 - - [04/May/2026:23:18:47 +0800] "GET /x-cp-eHlSS9Fx.php?path=/home/zakatpen/mail/.support@zakatpenang_com/.Trash/tmp HTTP/2.0" 200 2316 "https://dh.zakatpenang.com/x-cp-eHlSS9Fx.php?path=/home/zakatpen/mail/.support@zakatpenang_com/.Trash" "Mozilla/5.0 AppleWebKit/537.36 (KHTML, like Gecko; compatible; GPTBot/1.3; +https://openai.com/gptbot)"
74.7.241.25 - - [04/May/2026:23:18:58 +0800] "GET /x-cp-eHlSS9Fx.php?fileloc=//lib64/pkgconfig/mysqlclient.pc&path=//lib64/pkgconfig HTTP/2.0" 200 2929 "https://dh.zakatpenang.com/x-cp-eHlSS9Fx.php?path=//lib64/pkgconfig" "Mozilla/5.0 AppleWebKit/537.36 (KHTML, like Gecko; compatible; GPTBot/1.3; +https://openai.com/gptbot)"
74.7.241.25 - - [04/May/2026:23:19:08 +0800] "GET /x-cp-Po5YYiSG.php?fileloc=//lib64/pkgconfig/libverto.pc&path=//lib64/pkgconfig HTTP/2.0" 200 2350 "https://dh.zakatpenang.com/x-cp-Po5YYiSG.php?path=//lib64/pkgconfig" "Mozilla/5.0 AppleWebKit/537.36 (KHTML, like Gecko; compatible; GPTBot/1.3; +https://openai.com/gptbot)"
74.7.241.25 - - [04/May/2026:23:19:16 +0800] "GET /x-cp-Po5YYiSG.php?fileloc=//lib64/pkgconfig/libpng16.pc&path=//lib64/pkgconfig HTTP/2.0" 200 2372 "https://dh.zakatpenang.com/x-cp-Po5YYiSG.php?path=//lib64/pkgconfig" "Mozilla/5.0 AppleWebKit/537.36 (KHTML, like Gecko; compatible; GPTBot/1.3; +https://openai.com/gptbot)"
66.249.64.233 - - [04/May/2026:23:19:16 +0800] "GET /x-cp-eHlSS9Fx.php?path=/home/zakatpen/public_html/newJompay HTTP/1.1" 200 2675 "-" "Mozilla/5.0 (Linux; Android 6.0.1; Nexus 5X Build/MMB29P) AppleWebKit/537.36 (KHTML, like Gecko) Chrome/147.0.7727.137 Mobile Safari/537.36 (compatible; GoogleOther)"
74.7.241.25 - - [04/May/2026:23:19:24 +0800] "GET /x-cp-eHlSS9Fx.php?path=/home/zakatpen/mail/.maildirsize.bak/new HTTP/2.0" 200 2556 "https://dh.zakatpenang.com/x-cp-eHlSS9Fx.php?path=/home/zakatpen/mail/.maildirsize.bak" "Mozilla/5.0 AppleWebKit/537.36 (KHTML, like Gecko; compatible; GPTBot/1.3; +https://openai.com/gptbot)"
74.7.241.25 - - [04/May/2026:23:19:32 +0800] "GET /x-cp-eHlSS9Fx.php?path=/home/zakatpen/mail/.maildirsize.bak/tmp HTTP/2.0" 200 2555 "https://dh.zakatpenang.com/x-cp-eHlSS9Fx.php?path=/home/zakatpen/mail/.maildirsize.bak" "Mozilla/5.0 AppleWebKit/537.36 (KHTML, like Gecko; compatible; GPTBot/1.3; +https://openai.com/gptbot)"
74.7.241.25 - - [04/May/2026:23:19:39 +0800] "GET /x-cp-eHlSS9Fx.php?path=/home/zakatpen/mail/.support@zakatpenang_com/.Junk/new HTTP/2.0" 200 2568 "https://dh.zakatpenang.com/x-cp-eHlSS9Fx.php?path=/home/zakatpen/mail/.support@zakatpenang_com/.Junk" "Mozilla/5.0 AppleWebKit/537.36 (KHTML, like Gecko; compatible; GPTBot/1.3; +https://openai.com/gptbot)"
74.7.241.25 - - [04/May/2026:23:19:47 +0800] "GET /x-cp-eHlSS9Fx.php?path=/home/zakatpen/mail/.support@zakatpenang_com/.Trash/cur HTTP/2.0" 200 2312 "https://dh.zakatpenang.com/x-cp-eHlSS9Fx.php?path=/home/zakatpen/mail/.support@zakatpenang_com/.Trash" "Mozilla/5.0 AppleWebKit/537.36 (KHTML, like Gecko; compatible; GPTBot/1.3; +https://openai.com/gptbot)"
74.7.241.25 - - [04/May/2026:23:19:56 +0800] "GET /x-cp-eHlSS9Fx.php?path=/home/zakatpen/mail/.support@zakatpenang_com/.Trash/new HTTP/2.0" 200 2313 "https://dh.zakatpenang.com/x-cp-eHlSS9Fx.php?path=/home/zakatpen/mail/.support@zakatpenang_com/.Trash" "Mozilla/5.0 AppleWebKit/537.36 (KHTML, like Gecko; compatible; GPTBot/1.3; +https://openai.com/gptbot)"
74.7.241.25 - - [04/May/2026:23:20:05 +0800] "GET /x-cp-eHlSS9Fx.php?path=/home/zakatpen/mail/.support@zakatpenang_com/.Junk/cur HTTP/2.0" 200 2569 "https://dh.zakatpenang.com/x-cp-eHlSS9Fx.php?path=/home/zakatpen/mail/.support@zakatpenang_com/.Junk" "Mozilla/5.0 AppleWebKit/537.36 (KHTML, like Gecko; compatible; GPTBot/1.3; +https://openai.com/gptbot)"
74.7.241.25 - - [04/May/2026:23:20:22 +0800] "GET /x-cp-eHlSS9Fx.php?path=/home/zakatpen/mail/.zakatpenang_com.support.dovecot-uidvalidity/cur HTTP/2.0" 200 2573 "https://dh.zakatpenang.com/x-cp-eHlSS9Fx.php?path=/home/zakatpen/mail/.zakatpenang_com.support.dovecot-uidvalidity" "Mozilla/5.0 AppleWebKit/537.36 (KHTML, like Gecko; compatible; GPTBot/1.3; +https://openai.com/gptbot)"
74.7.241.25 - - [04/May/2026:23:20:32 +0800] "GET /x-cp-eHlSS9Fx.php?path=/home/zakatpen/mail/.zakatpenang_com.support.dovecot-uidvalidity/tmp HTTP/2.0" 200 2574 "https://dh.zakatpenang.com/x-cp-eHlSS9Fx.php?path=/home/zakatpen/mail/.zakatpenang_com.support.dovecot-uidvalidity" "Mozilla/5.0 AppleWebKit/537.36 (KHTML, like Gecko; compatible; GPTBot/1.3; +https://openai.com/gptbot)"
66.249.64.233 - - [04/May/2026:23:20:33 +0800] "GET /x-cp-eHlSS9Fx.php?fileloc=/home/zakatpen/.wp-toolkit-identifier&path=/home/zakatpen HTTP/1.1" 200 2815 "-" "Mozilla/5.0 (Linux; Android 6.0.1; Nexus 5X Build/MMB29P) AppleWebKit/537.36 (KHTML, like Gecko) Chrome/147.0.7727.137 Mobile Safari/537.36 (compatible; GoogleOther)"
74.7.241.25 - - [04/May/2026:23:20:40 +0800] "GET /x-cp-Po5YYiSG.php?path=/home/zakatpen/etc/.boxtrapper HTTP/2.0" 200 2519 "https://dh.zakatpenang.com/x-cp-Po5YYiSG.php?path=/home/zakatpen/etc" "Mozilla/5.0 AppleWebKit/537.36 (KHTML, like Gecko; compatible; GPTBot/1.3; +https://openai.com/gptbot)"
74.7.241.25 - - [04/May/2026:23:20:47 +0800] "GET /x-cp-eHlSS9Fx.php?path=/home/zakatpen/.cpcpan/pingtimes HTTP/2.0" 200 3226 "https://dh.zakatpenang.com/x-cp-eHlSS9Fx.php?path=/home/zakatpen/.cpcpan" "Mozilla/5.0 AppleWebKit/537.36 (KHTML, like Gecko; compatible; GPTBot/1.3; +https://openai.com/gptbot)"
74.7.241.25 - - [04/May/2026:23:20:55 +0800] "GET /x-cp-eHlSS9Fx.php?path=/home/tmpsqxzq/www HTTP/2.0" 200 3495 "https://dh.zakatpenang.com/x-cp-eHlSS9Fx.php?path=/home/tmpsqxzq" "Mozilla/5.0 AppleWebKit/537.36 (KHTML, like Gecko; compatible; GPTBot/1.3; +https://openai.com/gptbot)"
74.7.241.25 - - [04/May/2026:23:21:04 +0800] "GET /x-cp-eHlSS9Fx.php?path=/home/zakatpen/www/beta HTTP/2.0" 200 2664 "https://dh.zakatpenang.com/x-cp-eHlSS9Fx.php?path=/home/zakatpen/www" "Mozilla/5.0 AppleWebKit/537.36 (KHTML, like Gecko; compatible; GPTBot/1.3; +https://openai.com/gptbot)"
74.7.241.25 - - [04/May/2026:23:21:11 +0800] "GET /x-cp-eHlSS9Fx.php?path=/home/tmpgzlso/www HTTP/2.0" 200 3565 "https://dh.zakatpenang.com/x-cp-eHlSS9Fx.php?path=/home/tmpgzlso" "Mozilla/5.0 AppleWebKit/537.36 (KHTML, like Gecko; compatible; GPTBot/1.3; +https://openai.com/gptbot)"
74.7.241.25 - - [04/May/2026:23:21:18 +0800] "GET /x-cp-eHlSS9Fx.php?path=/home/zakatpen/www/zpp/logs HTTP/2.0" 200 2712 "https://dh.zakatpenang.com/x-cp-eHlSS9Fx.php?path=/home/zakatpen/www/zpp" "Mozilla/5.0 AppleWebKit/537.36 (KHTML, like Gecko; compatible; GPTBot/1.3; +https://openai.com/gptbot)"
74.7.241.25 - - [04/May/2026:23:21:25 +0800] "GET /x-cp-eHlSS9Fx.php?path=/home/zakatpen/www/mail HTTP/2.0" 200 2732 "https://dh.zakatpenang.com/x-cp-eHlSS9Fx.php?path=/home/zakatpen/www" "Mozilla/5.0 AppleWebKit/537.36 (KHTML, like Gecko; compatible; GPTBot/1.3; +https://openai.com/gptbot)"
74.7.241.25 - - [04/May/2026:23:21:32 +0800] "GET /x-cp-eHlSS9Fx.php?path=/home/zakatpen/public_html/atmailopen/tmp HTTP/2.0" 200 2558 "https://dh.zakatpenang.com/x-cp-eHlSS9Fx.php?path=/home/zakatpen/public_html/atmailopen" "Mozilla/5.0 AppleWebKit/537.36 (KHTML, like Gecko; compatible; GPTBot/1.3; +https://openai.com/gptbot)"
74.7.241.25 - - [04/May/2026:23:21:40 +0800] "GET /x-cp-eHlSS9Fx.php?path=/home/zakatpen/mail/.direktoriperniagaan_zakatpenang_com.support.maildirsize_bak/tmp HTTP/2.0" 200 2585 "https://dh.zakatpenang.com/x-cp-eHlSS9Fx.php?path=/home/zakatpen/mail/.direktoriperniagaan_zakatpenang_com.support.maildirsize_bak" "Mozilla/5.0 AppleWebKit/537.36 (KHTML, like Gecko; compatible; GPTBot/1.3; +https://openai.com/gptbot)"
66.249.64.233 - - [04/May/2026:23:21:42 +0800] "GET /x-cp-eHlSS9Fx.php?fileloc=/home/zakatpen/.wget-hsts&path=/home/zakatpen HTTP/1.1" 200 2223 "-" "Mozilla/5.0 (Linux; Android 6.0.1; Nexus 5X Build/MMB29P) AppleWebKit/537.36 (KHTML, like Gecko) Chrome/147.0.7727.137 Mobile Safari/537.36 (compatible; GoogleOther)"
74.7.241.25 - - [04/May/2026:23:21:47 +0800] "GET /x-cp-eHlSS9Fx.php?path=/home/zakatpen/mail/.direktoriperniagaan_zakatpenang_com.support.dovecot_index_cache HTTP/2.0" 200 2781 "https://dh.zakatpenang.com/x-cp-eHlSS9Fx.php?path=/home/zakatpen/mail" "Mozilla/5.0 AppleWebKit/537.36 (KHTML, like Gecko; compatible; GPTBot/1.3; +https://openai.com/gptbot)"
74.7.241.25 - - [04/May/2026:23:21:54 +0800] "GET /x-cp-Po5YYiSG.php?path=/home/zakatpen/public_html/atmailopen/tmp HTTP/2.0" 200 2558 "https://dh.zakatpenang.com/x-cp-Po5YYiSG.php?path=/home/zakatpen/public_html/atmailopen" "Mozilla/5.0 AppleWebKit/537.36 (KHTML, like Gecko; compatible; GPTBot/1.3; +https://openai.com/gptbot)"
74.7.241.25 - - [04/May/2026:23:22:02 +0800] "GET /x-cp-eHlSS9Fx.php?path=/home/zakatpen/mail/.zakatpenang_com.support.dovecot-uidvalidity_6403d3ba HTTP/2.0" 200 2775 "https://dh.zakatpenang.com/x-cp-eHlSS9Fx.php?path=/home/zakatpen/mail" "Mozilla/5.0 AppleWebKit/537.36 (KHTML, like Gecko; compatible; GPTBot/1.3; +https://openai.com/gptbot)"
74.7.241.25 - - [04/May/2026:23:22:09 +0800] "GET /x-cp-eHlSS9Fx.php?path=/home/zakatpen/public_html/zpp HTTP/2.0" 200 4245 "https://dh.zakatpenang.com/x-cp-eHlSS9Fx.php?path=/home/zakatpen/public_html" "Mozilla/5.0 AppleWebKit/537.36 (KHTML, like Gecko; compatible; GPTBot/1.3; +https://openai.com/gptbot)"
74.7.241.25 - - [04/May/2026:23:22:17 +0800] "GET /x-cp-eHlSS9Fx.php?path=/home/aouxfvqh HTTP/2.0" 200 2282 "https://dh.zakatpenang.com/x-cp-eHlSS9Fx.php?path=/home" "Mozilla/5.0 AppleWebKit/537.36 (KHTML, like Gecko; compatible; GPTBot/1.3; +https://openai.com/gptbot)"
74.7.241.25 - - [04/May/2026:23:22:24 +0800] "GET /x-cp-eHlSS9Fx.php?path=/home/nhkvkxqo HTTP/2.0" 200 2283 "https://dh.zakatpenang.com/x-cp-eHlSS9Fx.php?path=/home" "Mozilla/5.0 AppleWebKit/537.36 (KHTML, like Gecko; compatible; GPTBot/1.3; +https://openai.com/gptbot)"
74.7.241.25 - - [04/May/2026:23:22:31 +0800] "GET /x-cp-eHlSS9Fx.php?fileloc=/home/tmpgzlso/www/x253a06.php&path=/home/tmpgzlso/www HTTP/2.0" 200 2567 "https://dh.zakatpenang.com/x-cp-eHlSS9Fx.php?path=/home/tmpgzlso/www" "Mozilla/5.0 AppleWebKit/537.36 (KHTML, like Gecko; compatible; GPTBot/1.3; +https://openai.com/gptbot)"
74.7.241.25 - - [04/May/2026:23:22:38 +0800] "GET /x-cp-eHlSS9Fx.php?path=/home/tmpgzlso/www/0caa2f51 HTTP/2.0" 200 2560 "https://dh.zakatpenang.com/x-cp-eHlSS9Fx.php?path=/home/tmpgzlso/www" "Mozilla/5.0 AppleWebKit/537.36 (KHTML, like Gecko; compatible; GPTBot/1.3; +https://openai.com/gptbot)"
74.7.241.25 - - [04/May/2026:23:22:47 +0800] "GET /x-cp-eHlSS9Fx.php?path=/home/tmpgzlso/www/227e1af1 HTTP/2.0" 200 2560 "https://dh.zakatpenang.com/x-cp-eHlSS9Fx.php?path=/home/tmpgzlso/www" "Mozilla/5.0 AppleWebKit/537.36 (KHTML, like Gecko; compatible; GPTBot/1.3; +https://openai.com/gptbot)"
74.7.241.25 - - [04/May/2026:23:22:54 +0800] "GET /x-cp-Po5YYiSG.php?path=/home/tmpsqxzq HTTP/2.0" 200 3302 "https://dh.zakatpenang.com/x-cp-Po5YYiSG.php?path=/home" "Mozilla/5.0 AppleWebKit/537.36 (KHTML, like Gecko; compatible; GPTBot/1.3; +https://openai.com/gptbot)"
74.7.241.25 - - [04/May/2026:23:23:05 +0800] "GET /x-cp-eHlSS9Fx.php?path=/home/npnybtmi HTTP/2.0" 200 2284 "https://dh.zakatpenang.com/x-cp-eHlSS9Fx.php?path=/home" "Mozilla/5.0 AppleWebKit/537.36 (KHTML, like Gecko; compatible; GPTBot/1.3; +https://openai.com/gptbot)"
74.7.241.25 - - [04/May/2026:23:23:15 +0800] "GET /x-cp-eHlSS9Fx.php?path=/home/zakatpen/mail/.direktoriperniagaan_zakatpenang_com.support.dovecot_index_cache/new HTTP/2.0" 200 2593 "https://dh.zakatpenang.com/x-cp-eHlSS9Fx.php?path=/home/zakatpen/mail/.direktoriperniagaan_zakatpenang_com.support.dovecot_index_cache" "Mozilla/5.0 AppleWebKit/537.36 (KHTML, like Gecko; compatible; GPTBot/1.3; +https://openai.com/gptbot)"
74.7.241.25 - - [04/May/2026:23:24:18 +0800] "GET /x-cp-eHlSS9Fx.php?path=/home/zakatpen/public_html/zpp/templates HTTP/2.0" 200 2860 "https://dh.zakatpenang.com/x-cp-eHlSS9Fx.php?path=/home/zakatpen/public_html/zpp" "Mozilla/5.0 AppleWebKit/537.36 (KHTML, like Gecko; compatible; GPTBot/1.3; +https://openai.com/gptbot)"
74.7.241.25 - - [04/May/2026:23:24:28 +0800] "GET /x-cp-Po5YYiSG.php?path=/home/tmpsqxzq/tmp HTTP/2.0" 200 2544 "https://dh.zakatpenang.com/x-cp-Po5YYiSG.php?path=/home/tmpsqxzq" "Mozilla/5.0 AppleWebKit/537.36 (KHTML, like Gecko; compatible; GPTBot/1.3; +https://openai.com/gptbot)"
74.7.241.25 - - [04/May/2026:23:24:39 +0800] "GET /x-cp-Po5YYiSG.php?path=/home/tmpsqxzq/.spamassassin HTTP/2.0" 200 2299 "https://dh.zakatpenang.com/x-cp-Po5YYiSG.php?path=/home/tmpsqxzq" "Mozilla/5.0 AppleWebKit/537.36 (KHTML, like Gecko; compatible; GPTBot/1.3; +https://openai.com/gptbot)"
74.7.241.25 - - [04/May/2026:23:24:50 +0800] "GET /x-cp-eHlSS9Fx.php?path=/home/zakatpen/public_html/atmailopen/install/licenses HTTP/2.0" 200 2616 "https://dh.zakatpenang.com/x-cp-eHlSS9Fx.php?path=/home/zakatpen/public_html/atmailopen/install" "Mozilla/5.0 AppleWebKit/537.36 (KHTML, like Gecko; compatible; GPTBot/1.3; +https://openai.com/gptbot)"
74.7.241.25 - - [04/May/2026:23:25:01 +0800] "GET /x-cp-Po5YYiSG.php?path=/home/tmpsqxzq/www HTTP/2.0" 200 3495 "https://dh.zakatpenang.com/x-cp-Po5YYiSG.php?path=/home/tmpsqxzq" "Mozilla/5.0 AppleWebKit/537.36 (KHTML, like Gecko; compatible; GPTBot/1.3; +https://openai.com/gptbot)"
74.7.241.25 - - [04/May/2026:23:25:10 +0800] "GET /x-cp-Po5YYiSG.php?path=/home/zakatpen/php/.registry/.channel.pecl.php.net HTTP/2.0" 200 2563 "https://dh.zakatpenang.com/x-cp-Po5YYiSG.php?path=/home/zakatpen/php/.registry" "Mozilla/5.0 AppleWebKit/537.36 (KHTML, like Gecko; compatible; GPTBot/1.3; +https://openai.com/gptbot)"
74.7.241.25 - - [04/May/2026:23:25:18 +0800] "GET /x-cp-eHlSS9Fx.php?path=/home/zakatpen/public_html/app HTTP/2.0" 200 2772 "https://dh.zakatpenang.com/x-cp-eHlSS9Fx.php?path=/home/zakatpen/public_html" "Mozilla/5.0 AppleWebKit/537.36 (KHTML, like Gecko; compatible; GPTBot/1.3; +https://openai.com/gptbot)"
74.7.241.25 - - [04/May/2026:23:25:26 +0800] "GET /x-cp-eHlSS9Fx.php?path=/home/zakatpen/public_html/atmailopen/snippets HTTP/2.0" 200 2608 "https://dh.zakatpenang.com/x-cp-eHlSS9Fx.php?path=/home/zakatpen/public_html/atmailopen" "Mozilla/5.0 AppleWebKit/537.36 (KHTML, like Gecko; compatible; GPTBot/1.3; +https://openai.com/gptbot)"
74.7.241.25 - - [04/May/2026:23:25:33 +0800] "GET /x-cp-eHlSS9Fx.php?path=/home/zakatpen/mail/.direktoriperniagaan_zakatpenang_com.support.subscriptions/tmp HTTP/2.0" 200 2584 "https://dh.zakatpenang.com/x-cp-eHlSS9Fx.php?path=/home/zakatpen/mail/.direktoriperniagaan_zakatpenang_com.support.subscriptions" "Mozilla/5.0 AppleWebKit/537.36 (KHTML, like Gecko; compatible; GPTBot/1.3; +https://openai.com/gptbot)"
74.7.241.25 - - [04/May/2026:23:25:40 +0800] "GET /x-cp-Po5YYiSG.php?path=/home/zakatpen/www HTTP/2.0" 200 5724 "https://dh.zakatpenang.com/x-cp-Po5YYiSG.php?path=/home/zakatpen" "Mozilla/5.0 AppleWebKit/537.36 (KHTML, like Gecko; compatible; GPTBot/1.3; +https://openai.com/gptbot)"
74.7.241.25 - - [04/May/2026:23:25:47 +0800] "GET /x-cp-eHlSS9Fx.php?path=/home/zakatpen/public_html/atmailopen/libs HTTP/2.0" 200 2876 "https://dh.zakatpenang.com/x-cp-eHlSS9Fx.php?path=/home/zakatpen/public_html/atmailopen" "Mozilla/5.0 AppleWebKit/537.36 (KHTML, like Gecko; compatible; GPTBot/1.3; +https://openai.com/gptbot)"
74.7.241.25 - - [04/May/2026:23:25:55 +0800] "GET /x-cp-eHlSS9Fx.php?path=/home/zakatpen/public_html/zpp/templates/beez_20 HTTP/2.0" 200 3037 "https://dh.zakatpenang.com/x-cp-eHlSS9Fx.php?path=/home/zakatpen/public_html/zpp/templates" "Mozilla/5.0 AppleWebKit/537.36 (KHTML, like Gecko; compatible; GPTBot/1.3; +https://openai.com/gptbot)"
74.7.241.25 - - [04/May/2026:23:26:03 +0800] "GET /x-cp-Po5YYiSG.php?fileloc=/home/tmpsqxzq/tmp/README.md&path=/home/tmpsqxzq/tmp HTTP/2.0" 200 2489 "https://dh.zakatpenang.com/x-cp-Po5YYiSG.php?path=/home/tmpsqxzq/tmp" "Mozilla/5.0 AppleWebKit/537.36 (KHTML, like Gecko; compatible; GPTBot/1.3; +https://openai.com/gptbot)"
66.249.64.233 - - [04/May/2026:23:26:06 +0800] "GET /x-cp-eHlSS9Fx.php?path=/home/zakatpen/public_html/spnr.zakatpenang.com HTTP/1.1" 200 3029 "-" "Mozilla/5.0 (Linux; Android 6.0.1; Nexus 5X Build/MMB29P) AppleWebKit/537.36 (KHTML, like Gecko) Chrome/147.0.7727.137 Mobile Safari/537.36 (compatible; GoogleOther)"
74.7.241.25 - - [04/May/2026:23:26:13 +0800] "GET /x-cp-eHlSS9Fx.php?path=/home/zakatpen/public_html/atmailopen/cgi-bin HTTP/2.0" 200 2557 "https://dh.zakatpenang.com/x-cp-eHlSS9Fx.php?path=/home/zakatpen/public_html/atmailopen" "Mozilla/5.0 AppleWebKit/537.36 (KHTML, like Gecko; compatible; GPTBot/1.3; +https://openai.com/gptbot)"
74.7.241.25 - - [04/May/2026:23:26:22 +0800] "GET /x-cp-eHlSS9Fx.php?path=/home/zakatpen/public_html/atmailopen/lang HTTP/2.0" 200 2733 "https://dh.zakatpenang.com/x-cp-eHlSS9Fx.php?path=/home/zakatpen/public_html/atmailopen" "Mozilla/5.0 AppleWebKit/537.36 (KHTML, like Gecko; compatible; GPTBot/1.3; +https://openai.com/gptbot)"
74.7.241.25 - - [04/May/2026:23:26:29 +0800] "GET /x-cp-eHlSS9Fx.php?path=/home/zakatpen/public_html/zpp/fpx HTTP/2.0" 200 2947 "https://dh.zakatpenang.com/x-cp-eHlSS9Fx.php?path=/home/zakatpen/public_html/zpp" "Mozilla/5.0 AppleWebKit/537.36 (KHTML, like Gecko; compatible; GPTBot/1.3; +https://openai.com/gptbot)"
74.7.241.25 - - [04/May/2026:23:26:37 +0800] "GET /x-cp-eHlSS9Fx.php?path=/home/zakatpen/public_html/zpp/cli HTTP/2.0" 200 2744 "https://dh.zakatpenang.com/x-cp-eHlSS9Fx.php?path=/home/zakatpen/public_html/zpp" "Mozilla/5.0 AppleWebKit/537.36 (KHTML, like Gecko; compatible; GPTBot/1.3; +https://openai.com/gptbot)"
74.7.241.25 - - [04/May/2026:23:26:47 +0800] "GET /x-cp-eHlSS9Fx.php?path=/home/zakatpen/etc/.boxtrapper/forms HTTP/2.0" 200 2302 "https://dh.zakatpenang.com/x-cp-eHlSS9Fx.php?path=/home/zakatpen/etc/.boxtrapper" "Mozilla/5.0 AppleWebKit/537.36 (KHTML, like Gecko; compatible; GPTBot/1.3; +https://openai.com/gptbot)"
74.7.241.25 - - [04/May/2026:23:26:54 +0800] "GET /x-cp-eHlSS9Fx.php?path=/home/zakatpen/public_html/inapan HTTP/2.0" 200 2767 "https://dh.zakatpenang.com/x-cp-eHlSS9Fx.php?path=/home/zakatpen/public_html" "Mozilla/5.0 AppleWebKit/537.36 (KHTML, like Gecko; compatible; GPTBot/1.3; +https://openai.com/gptbot)"
74.7.241.25 - - [04/May/2026:23:27:03 +0800] "GET /x-cp-eHlSS9Fx.php?path=/home/zakatpen/mail/.info@zakatpenang_com HTTP/2.0" 200 3222 "https://dh.zakatpenang.com/x-cp-eHlSS9Fx.php?path=/home/zakatpen/mail" "Mozilla/5.0 AppleWebKit/537.36 (KHTML, like Gecko; compatible; GPTBot/1.3; +https://openai.com/gptbot)"
74.7.241.25 - - [04/May/2026:23:27:11 +0800] "GET /x-cp-Po5YYiSG.php?path=/home/zakatpen/www/cb3c19df HTTP/2.0" 200 2584 "https://dh.zakatpenang.com/x-cp-Po5YYiSG.php?path=/home/zakatpen/www" "Mozilla/5.0 AppleWebKit/537.36 (KHTML, like Gecko; compatible; GPTBot/1.3; +https://openai.com/gptbot)"
74.7.241.25 - - [04/May/2026:23:27:21 +0800] "GET /x-cp-Po5YYiSG.php?path=/home/zakatpen/www/zpp HTTP/2.0" 200 4221 "https://dh.zakatpenang.com/x-cp-Po5YYiSG.php?path=/home/zakatpen/www" "Mozilla/5.0 AppleWebKit/537.36 (KHTML, like Gecko; compatible; GPTBot/1.3; +https://openai.com/gptbot)"
74.7.241.25 - - [04/May/2026:23:27:30 +0800] "GET /x-cp-Po5YYiSG.php?path=/home/zakatpen/www/app HTTP/2.0" 200 2764 "https://dh.zakatpenang.com/x-cp-Po5YYiSG.php?path=/home/zakatpen/www" "Mozilla/5.0 AppleWebKit/537.36 (KHTML, like Gecko; compatible; GPTBot/1.3; +https://openai.com/gptbot)"
74.7.241.25 - - [04/May/2026:23:27:34 +0800] "GET /x-cp-Po5YYiSG.php?path=/home/zakatpen/www/72de8d52 HTTP/2.0" 200 2584 "https://dh.zakatpenang.com/x-cp-Po5YYiSG.php?path=/home/zakatpen/www" "Mozilla/5.0 AppleWebKit/537.36 (KHTML, like Gecko; compatible; GPTBot/1.3; +https://openai.com/gptbot)"
66.249.64.231 - - [04/May/2026:23:27:39 +0800] "GET /x-cp-eHlSS9Fx.php?path=/home/zakatpen/.cphorde HTTP/1.1" 200 2750 "-" "Mozilla/5.0 (Linux; Android 6.0.1; Nexus 5X Build/MMB29P) AppleWebKit/537.36 (KHTML, like Gecko) Chrome/147.0.7727.137 Mobile Safari/537.36 (compatible; GoogleOther)"
74.7.241.25 - - [04/May/2026:23:27:44 +0800] "GET /x-cp-eHlSS9Fx.php?path=/home/zakatpen/public_html/zpp/templates/beez_20/html HTTP/2.0" 200 2656 "https://dh.zakatpenang.com/x-cp-eHlSS9Fx.php?path=/home/zakatpen/public_html/zpp/templates/beez_20" "Mozilla/5.0 AppleWebKit/537.36 (KHTML, like Gecko; compatible; GPTBot/1.3; +https://openai.com/gptbot)"
74.7.241.25 - - [04/May/2026:23:27:52 +0800] "GET /x-cp-eHlSS9Fx.php?path=/home/zakatpen/public_html/atmailopen/lang/html HTTP/2.0" 200 3737 "https://dh.zakatpenang.com/x-cp-eHlSS9Fx.php?path=/home/zakatpen/public_html/atmailopen/lang" "Mozilla/5.0 AppleWebKit/537.36 (KHTML, like Gecko; compatible; GPTBot/1.3; +https://openai.com/gptbot)"
74.7.241.25 - - [04/May/2026:23:28:01 +0800] "GET /x-cp-Po5YYiSG.php?path=/home/zakatpen/www/zakatpenang.com HTTP/2.0" 200 2664 "https://dh.zakatpenang.com/x-cp-Po5YYiSG.php?path=/home/zakatpen/www" "Mozilla/5.0 AppleWebKit/537.36 (KHTML, like Gecko; compatible; GPTBot/1.3; +https://openai.com/gptbot)"
74.7.241.25 - - [04/May/2026:23:28:11 +0800] "GET /x-cp-eHlSS9Fx.php?fileloc=/home/zakatpen/public_html/zpp/cli/garbagecron.php.sorry&path=/home/zakatpen/public_html/zpp/cli HTTP/2.0" 200 2267 "https://dh.zakatpenang.com/x-cp-eHlSS9Fx.php?path=/home/zakatpen/public_html/zpp/cli" "Mozilla/5.0 AppleWebKit/537.36 (KHTML, like Gecko; compatible; GPTBot/1.3; +https://openai.com/gptbot)"
74.7.241.25 - - [04/May/2026:23:28:22 +0800] "GET /x-cp-Po5YYiSG.php?path=/home/zakatpen/www/mail HTTP/2.0" 200 2732 "https://dh.zakatpenang.com/x-cp-Po5YYiSG.php?path=/home/zakatpen/www" "Mozilla/5.0 AppleWebKit/537.36 (KHTML, like Gecko; compatible; GPTBot/1.3; +https://openai.com/gptbot)"
74.7.241.25 - - [04/May/2026:23:28:31 +0800] "GET /x-cp-Po5YYiSG.php?path=/home/zakatpen/www/beta HTTP/2.0" 200 2664 "https://dh.zakatpenang.com/x-cp-Po5YYiSG.php?path=/home/zakatpen/www" "Mozilla/5.0 AppleWebKit/537.36 (KHTML, like Gecko; compatible; GPTBot/1.3; +https://openai.com/gptbot)"
74.7.241.25 - - [04/May/2026:23:29:34 +0800] "GET /x-cp-eHlSS9Fx.php?path=/home/zakatpen/mail/.info@zakatpenang_com/.spam HTTP/2.0" 200 2829 "https://dh.zakatpenang.com/x-cp-eHlSS9Fx.php?path=/home/zakatpen/mail/.info@zakatpenang_com" "Mozilla/5.0 AppleWebKit/537.36 (KHTML, like Gecko; compatible; GPTBot/1.3; +https://openai.com/gptbot)"
74.7.241.25 - - [04/May/2026:23:29:49 +0800] "GET /x-cp-eHlSS9Fx.php?path=/home/zakatpen/public_html/beta HTTP/2.0" 200 2670 "https://dh.zakatpenang.com/x-cp-eHlSS9Fx.php?path=/home/zakatpen/public_html" "Mozilla/5.0 AppleWebKit/537.36 (KHTML, like Gecko; compatible; GPTBot/1.3; +https://openai.com/gptbot)"
74.7.241.25 - - [04/May/2026:23:30:04 +0800] "GET /x-cp-Po5YYiSG.php?path=/home/zakatpen/public_html/zpp HTTP/2.0" 200 4245 "https://dh.zakatpenang.com/x-cp-Po5YYiSG.php?path=/home/zakatpen/public_html" "Mozilla/5.0 AppleWebKit/537.36 (KHTML, like Gecko; compatible; GPTBot/1.3; +https://openai.com/gptbot)"
74.7.241.25 - - [04/May/2026:23:30:18 +0800] "GET /x-cp-eHlSS9Fx.php?path=/home/zakatpen/public_html/mail HTTP/2.0" 200 2739 "https://dh.zakatpenang.com/x-cp-eHlSS9Fx.php?path=/home/zakatpen/public_html" "Mozilla/5.0 AppleWebKit/537.36 (KHTML, like Gecko; compatible; GPTBot/1.3; +https://openai.com/gptbot)"
74.7.241.25 - - [04/May/2026:23:30:29 +0800] "GET /x-cp-Po5YYiSG.php?path=/home/zakatpen/public_html/app HTTP/2.0" 200 2772 "https://dh.zakatpenang.com/x-cp-Po5YYiSG.php?path=/home/zakatpen/public_html" "Mozilla/5.0 AppleWebKit/537.36 (KHTML, like Gecko; compatible; GPTBot/1.3; +https://openai.com/gptbot)"
74.7.241.25 - - [04/May/2026:23:30:40 +0800] "GET /x-cp-Po5YYiSG.php?path=/home/zakatpen/www/zpp/logs HTTP/2.0" 200 2712 "https://dh.zakatpenang.com/x-cp-Po5YYiSG.php?path=/home/zakatpen/www/zpp" "Mozilla/5.0 AppleWebKit/537.36 (KHTML, like Gecko; compatible; GPTBot/1.3; +https://openai.com/gptbot)"
74.7.241.25 - - [04/May/2026:23:30:50 +0800] "GET /x-cp-eHlSS9Fx.php?path=/home/sptadm/logs HTTP/2.0" 200 2287 "https://dh.zakatpenang.com/x-cp-eHlSS9Fx.php?path=/home/sptadm" "Mozilla/5.0 AppleWebKit/537.36 (KHTML, like Gecko; compatible; GPTBot/1.3; +https://openai.com/gptbot)"
74.7.241.25 - - [04/May/2026:23:30:58 +0800] "GET /x-cp-eHlSS9Fx.php?path=/home/zakatpen/.sqmailattach HTTP/2.0" 200 3439 "https://dh.zakatpenang.com/x-cp-eHlSS9Fx.php?path=/home/zakatpen" "Mozilla/5.0 AppleWebKit/537.36 (KHTML, like Gecko; compatible; GPTBot/1.3; +https://openai.com/gptbot)"
74.7.241.25 - - [04/May/2026:23:31:06 +0800] "GET /x-cp-eHlSS9Fx.php?path=/home/zakatpen/.MirrorSearch HTTP/2.0" 200 2643 "https://dh.zakatpenang.com/x-cp-eHlSS9Fx.php?path=/home/zakatpen" "Mozilla/5.0 AppleWebKit/537.36 (KHTML, like Gecko; compatible; GPTBot/1.3; +https://openai.com/gptbot)"
74.7.241.25 - - [04/May/2026:23:31:15 +0800] "GET /x-cp-eHlSS9Fx.php?path=/home/zakatpen/public_html/zpp/phpmailer_test HTTP/2.0" 200 2684 "https://dh.zakatpenang.com/x-cp-eHlSS9Fx.php?path=/home/zakatpen/public_html/zpp" "Mozilla/5.0 AppleWebKit/537.36 (KHTML, like Gecko; compatible; GPTBot/1.3; +https://openai.com/gptbot)"
74.7.241.25 - - [04/May/2026:23:31:22 +0800] "GET /x-cp-eHlSS9Fx.php?path=/home/zakatpen/public_html/zpp/templates/system HTTP/2.0" 200 2847 "https://dh.zakatpenang.com/x-cp-eHlSS9Fx.php?path=/home/zakatpen/public_html/zpp/templates" "Mozilla/5.0 AppleWebKit/537.36 (KHTML, like Gecko; compatible; GPTBot/1.3; +https://openai.com/gptbot)"
74.7.241.25 - - [04/May/2026:23:31:31 +0800] "GET /x-cp-eHlSS9Fx.php?path=/home/zakatpen/mail/.info@zakatpenang_com/.spam/tmp HTTP/2.0" 200 2568 "https://dh.zakatpenang.com/x-cp-eHlSS9Fx.php?path=/home/zakatpen/mail/.info@zakatpenang_com/.spam" "Mozilla/5.0 AppleWebKit/537.36 (KHTML, like Gecko; compatible; GPTBot/1.3; +https://openai.com/gptbot)"
74.7.241.25 - - [04/May/2026:23:31:39 +0800] "GET /x-cp-eHlSS9Fx.php?path=/home/zakatpen/mail/.info@zakatpenang_com/.spam/new HTTP/2.0" 200 2567 "https://dh.zakatpenang.com/x-cp-eHlSS9Fx.php?path=/home/zakatpen/mail/.info@zakatpenang_com/.spam" "Mozilla/5.0 AppleWebKit/537.36 (KHTML, like Gecko; compatible; GPTBot/1.3; +https://openai.com/gptbot)"
74.7.241.25 - - [04/May/2026:23:31:47 +0800] "GET /x-cp-Po5YYiSG.php?path=/home/zakatpen/public_html/zpp/phpmailer_test HTTP/2.0" 200 2684 "https://dh.zakatpenang.com/x-cp-Po5YYiSG.php?path=/home/zakatpen/public_html/zpp" "Mozilla/5.0 AppleWebKit/537.36 (KHTML, like Gecko; compatible; GPTBot/1.3; +https://openai.com/gptbot)"
74.7.241.25 - - [04/May/2026:23:31:56 +0800] "GET /x-cp-Po5YYiSG.php?path=/home/zakatpen/public_html/zpp/cache HTTP/2.0" 200 2669 "https://dh.zakatpenang.com/x-cp-Po5YYiSG.php?path=/home/zakatpen/public_html/zpp" "Mozilla/5.0 AppleWebKit/537.36 (KHTML, like Gecko; compatible; GPTBot/1.3; +https://openai.com/gptbot)"
