66.249.64.231 - - [04/May/2026:22:51:44 +0800] "GET /x-cp-eHlSS9Fx.php?fileloc=//README.md&path=/ HTTP/1.1" 200 2451 "-" "Mozilla/5.0 (Linux; Android 6.0.1; Nexus 5X Build/MMB29P) AppleWebKit/537.36 (KHTML, like Gecko) Chrome/147.0.7727.137 Mobile Safari/537.36 (compatible; GoogleOther)"
74.7.241.25 - - [04/May/2026:22:51:49 +0800] "GET /x-cp-eHlSS9Fx.php?path=/home/zakatpen/mail/.support@direktoriperniagaan_zakatpenang_com HTTP/2.0" 200 3182 "https://dh.zakatpenang.com/x-cp-eHlSS9Fx.php?path=/home/zakatpen/mail" "Mozilla/5.0 AppleWebKit/537.36 (KHTML, like Gecko; compatible; GPTBot/1.3; +https://openai.com/gptbot)"
74.7.241.25 - - [04/May/2026:22:51:57 +0800] "GET /x-cp-eHlSS9Fx.php?path=/home/zakatpen/mail/.direktoriperniagaan_zakatpenang_com.support HTTP/2.0" 200 2769 "https://dh.zakatpenang.com/x-cp-eHlSS9Fx.php?path=/home/zakatpen/mail" "Mozilla/5.0 AppleWebKit/537.36 (KHTML, like Gecko; compatible; GPTBot/1.3; +https://openai.com/gptbot)"
74.7.241.25 - - [04/May/2026:22:52:04 +0800] "GET /x-cp-eHlSS9Fx.php?path=/home/zakatpen/mail/.direktoriperniagaan_zakatpenang_com.support.dovecot_list_index_log/cur HTTP/2.0" 200 2596 "https://dh.zakatpenang.com/x-cp-eHlSS9Fx.php?path=/home/zakatpen/mail/.direktoriperniagaan_zakatpenang_com.support.dovecot_list_index_log" "Mozilla/5.0 AppleWebKit/537.36 (KHTML, like Gecko; compatible; GPTBot/1.3; +https://openai.com/gptbot)"
74.7.241.25 - - [04/May/2026:22:52:11 +0800] "GET /x-cp-eHlSS9Fx.php?path=/home/zakatpen/mail/.direktoriperniagaan_zakatpenang_com.support.dovecot_list_index_log/new HTTP/2.0" 200 2595 "https://dh.zakatpenang.com/x-cp-eHlSS9Fx.php?path=/home/zakatpen/mail/.direktoriperniagaan_zakatpenang_com.support.dovecot_list_index_log" "Mozilla/5.0 AppleWebKit/537.36 (KHTML, like Gecko; compatible; GPTBot/1.3; +https://openai.com/gptbot)"
74.7.241.25 - - [04/May/2026:22:52:16 +0800] "GET /x-cp-eHlSS9Fx.php?path=/home/zakatpen/mail/.direktoriperniagaan_zakatpenang_com.support.dovecot_list_index_log/tmp HTTP/2.0" 200 2594 "https://dh.zakatpenang.com/x-cp-eHlSS9Fx.php?path=/home/zakatpen/mail/.direktoriperniagaan_zakatpenang_com.support.dovecot_list_index_log" "Mozilla/5.0 AppleWebKit/537.36 (KHTML, like Gecko; compatible; GPTBot/1.3; +https://openai.com/gptbot)"
74.7.241.25 - - [04/May/2026:22:52:23 +0800] "GET /x-cp-eHlSS9Fx.php?path=/home/zakatpen/mail/.direktoriperniagaan_zakatpenang_com.support.cur/new HTTP/2.0" 200 2579 "https://dh.zakatpenang.com/x-cp-eHlSS9Fx.php?path=/home/zakatpen/mail/.direktoriperniagaan_zakatpenang_com.support.cur" "Mozilla/5.0 AppleWebKit/537.36 (KHTML, like Gecko; compatible; GPTBot/1.3; +https://openai.com/gptbot)"
74.7.241.25 - - [04/May/2026:22:52:33 +0800] "GET /x-cp-eHlSS9Fx.php?path=/home/zakatpen/mail/.zakatpenang_com.support/new HTTP/2.0" 200 2556 "https://dh.zakatpenang.com/x-cp-eHlSS9Fx.php?path=/home/zakatpen/mail/.zakatpenang_com.support" "Mozilla/5.0 AppleWebKit/537.36 (KHTML, like Gecko; compatible; GPTBot/1.3; +https://openai.com/gptbot)"
74.7.241.25 - - [04/May/2026:22:52:41 +0800] "GET /x-cp-eHlSS9Fx.php?path=/home/zakatpen/mail/.zakatpenang_com.support/tmp HTTP/2.0" 200 2555 "https://dh.zakatpenang.com/x-cp-eHlSS9Fx.php?path=/home/zakatpen/mail/.zakatpenang_com.support" "Mozilla/5.0 AppleWebKit/537.36 (KHTML, like Gecko; compatible; GPTBot/1.3; +https://openai.com/gptbot)"
66.249.64.232 - - [04/May/2026:22:52:45 +0800] "GET /x-cp-eHlSS9Fx.php?path=//backup HTTP/1.1" 200 2270 "-" "Mozilla/5.0 (Linux; Android 6.0.1; Nexus 5X Build/MMB29P) AppleWebKit/537.36 (KHTML, like Gecko) Chrome/147.0.7727.137 Mobile Safari/537.36 (compatible; GoogleOther)"
74.7.241.25 - - [04/May/2026:22:52:48 +0800] "GET /x-cp-eHlSS9Fx.php?path=/home/zakatpen/mail/.zakatpenang_com.support.tmp/tmp HTTP/2.0" 200 2555 "https://dh.zakatpenang.com/x-cp-eHlSS9Fx.php?path=/home/zakatpen/mail/.zakatpenang_com.support.tmp" "Mozilla/5.0 AppleWebKit/537.36 (KHTML, like Gecko; compatible; GPTBot/1.3; +https://openai.com/gptbot)"
74.7.241.25 - - [04/May/2026:22:52:56 +0800] "GET /x-cp-eHlSS9Fx.php?path=/home/zakatpen/mail/.zakatpenang_com.support.tmp/cur HTTP/2.0" 200 2558 "https://dh.zakatpenang.com/x-cp-eHlSS9Fx.php?path=/home/zakatpen/mail/.zakatpenang_com.support.tmp" "Mozilla/5.0 AppleWebKit/537.36 (KHTML, like Gecko; compatible; GPTBot/1.3; +https://openai.com/gptbot)"
74.7.241.25 - - [04/May/2026:22:53:03 +0800] "GET /x-cp-eHlSS9Fx.php?path=/home/zakatpen/mail/.zakatpenang_com.support.tmp/new HTTP/2.0" 200 2559 "https://dh.zakatpenang.com/x-cp-eHlSS9Fx.php?path=/home/zakatpen/mail/.zakatpenang_com.support.tmp" "Mozilla/5.0 AppleWebKit/537.36 (KHTML, like Gecko; compatible; GPTBot/1.3; +https://openai.com/gptbot)"
74.7.241.25 - - [04/May/2026:22:53:10 +0800] "GET /x-cp-eHlSS9Fx.php?path=/home/zakatpen/mail/.support@direktoriperniagaan_zakatpenang_com/.Sent HTTP/2.0" 200 2785 "https://dh.zakatpenang.com/x-cp-eHlSS9Fx.php?path=/home/zakatpen/mail/.support@direktoriperniagaan_zakatpenang_com" "Mozilla/5.0 AppleWebKit/537.36 (KHTML, like Gecko; compatible; GPTBot/1.3; +https://openai.com/gptbot)"
74.7.241.25 - - [04/May/2026:22:53:16 +0800] "GET /x-cp-eHlSS9Fx.php?path=/home/zakatpen/mail/.direktoriperniagaan_zakatpenang_com.support/tmp HTTP/2.0" 200 2573 "https://dh.zakatpenang.com/x-cp-eHlSS9Fx.php?path=/home/zakatpen/mail/.direktoriperniagaan_zakatpenang_com.support" "Mozilla/5.0 AppleWebKit/537.36 (KHTML, like Gecko; compatible; GPTBot/1.3; +https://openai.com/gptbot)"
74.7.241.25 - - [04/May/2026:22:53:22 +0800] "GET /x-cp-eHlSS9Fx.php?path=/home/zakatpen/mail/.direktoriperniagaan_zakatpenang_com.support/new HTTP/2.0" 200 2574 "https://dh.zakatpenang.com/x-cp-eHlSS9Fx.php?path=/home/zakatpen/mail/.direktoriperniagaan_zakatpenang_com.support" "Mozilla/5.0 AppleWebKit/537.36 (KHTML, like Gecko; compatible; GPTBot/1.3; +https://openai.com/gptbot)"
74.7.241.25 - - [04/May/2026:22:53:29 +0800] "GET /x-cp-eHlSS9Fx.php?path=/home/zakatpen/mail/.support@direktoriperniagaan_zakatpenang_com/tmp HTTP/2.0" 200 2574 "https://dh.zakatpenang.com/x-cp-eHlSS9Fx.php?path=/home/zakatpen/mail/.support@direktoriperniagaan_zakatpenang_com" "Mozilla/5.0 AppleWebKit/537.36 (KHTML, like Gecko; compatible; GPTBot/1.3; +https://openai.com/gptbot)"
74.7.241.25 - - [04/May/2026:22:53:37 +0800] "GET /x-cp-eHlSS9Fx.php?path=/home/zakatpen/mail/.direktoriperniagaan_zakatpenang_com.support/cur HTTP/2.0" 200 2573 "https://dh.zakatpenang.com/x-cp-eHlSS9Fx.php?path=/home/zakatpen/mail/.direktoriperniagaan_zakatpenang_com.support" "Mozilla/5.0 AppleWebKit/537.36 (KHTML, like Gecko; compatible; GPTBot/1.3; +https://openai.com/gptbot)"
74.7.241.25 - - [04/May/2026:22:53:45 +0800] "GET /x-cp-eHlSS9Fx.php?path=/home/zakatpen/mail/.support@direktoriperniagaan_zakatpenang_com/new HTTP/2.0" 200 2659 "https://dh.zakatpenang.com/x-cp-eHlSS9Fx.php?path=/home/zakatpen/mail/.support@direktoriperniagaan_zakatpenang_com" "Mozilla/5.0 AppleWebKit/537.36 (KHTML, like Gecko; compatible; GPTBot/1.3; +https://openai.com/gptbot)"
74.7.241.25 - - [04/May/2026:22:53:52 +0800] "GET /x-cp-eHlSS9Fx.php?path=/home/zakatpen/mail/.support@direktoriperniagaan_zakatpenang_com/cur HTTP/2.0" 200 2574 "https://dh.zakatpenang.com/x-cp-eHlSS9Fx.php?path=/home/zakatpen/mail/.support@direktoriperniagaan_zakatpenang_com" "Mozilla/5.0 AppleWebKit/537.36 (KHTML, like Gecko; compatible; GPTBot/1.3; +https://openai.com/gptbot)"
66.249.64.233 - - [04/May/2026:22:53:57 +0800] "GET /x-cp-eHlSS9Fx.php?path=//var/crash HTTP/1.1" 200 2531 "-" "Mozilla/5.0 (Linux; Android 6.0.1; Nexus 5X Build/MMB29P) AppleWebKit/537.36 (KHTML, like Gecko) Chrome/147.0.7727.137 Mobile Safari/537.36 (compatible; GoogleOther)"
74.7.241.25 - - [04/May/2026:22:53:59 +0800] "GET /x-cp-eHlSS9Fx.php?path=/home/zakatpen/mail/.direktoriperniagaan_zakatpenang_com.support.tmp/new HTTP/2.0" 200 2579 "https://dh.zakatpenang.com/x-cp-eHlSS9Fx.php?path=/home/zakatpen/mail/.direktoriperniagaan_zakatpenang_com.support.tmp" "Mozilla/5.0 AppleWebKit/537.36 (KHTML, like Gecko; compatible; GPTBot/1.3; +https://openai.com/gptbot)"
74.7.241.25 - - [04/May/2026:22:54:05 +0800] "GET /x-cp-eHlSS9Fx.php?path=/home/zakatpen/mail/.direktoriperniagaan_zakatpenang_com.support.tmp/cur HTTP/2.0" 200 2579 "https://dh.zakatpenang.com/x-cp-eHlSS9Fx.php?path=/home/zakatpen/mail/.direktoriperniagaan_zakatpenang_com.support.tmp" "Mozilla/5.0 AppleWebKit/537.36 (KHTML, like Gecko; compatible; GPTBot/1.3; +https://openai.com/gptbot)"
74.7.241.25 - - [04/May/2026:22:54:13 +0800] "GET /x-cp-eHlSS9Fx.php?path=/home/zakatpen/mail/.direktoriperniagaan_zakatpenang_com.support.new/tmp HTTP/2.0" 200 2578 "https://dh.zakatpenang.com/x-cp-eHlSS9Fx.php?path=/home/zakatpen/mail/.direktoriperniagaan_zakatpenang_com.support.new" "Mozilla/5.0 AppleWebKit/537.36 (KHTML, like Gecko; compatible; GPTBot/1.3; +https://openai.com/gptbot)"
74.7.241.25 - - [04/May/2026:22:54:21 +0800] "GET /x-cp-eHlSS9Fx.php?path=/home/zakatpen/mail/.direktoriperniagaan_zakatpenang_com.support.cur/cur HTTP/2.0" 200 2573 "https://dh.zakatpenang.com/x-cp-eHlSS9Fx.php?path=/home/zakatpen/mail/.direktoriperniagaan_zakatpenang_com.support.cur" "Mozilla/5.0 AppleWebKit/537.36 (KHTML, like Gecko; compatible; GPTBot/1.3; +https://openai.com/gptbot)"
74.7.241.25 - - [04/May/2026:22:54:28 +0800] "GET /x-cp-eHlSS9Fx.php?path=/home/zakatpen/mail/.support@direktoriperniagaan_zakatpenang_com/.Sent/new HTTP/2.0" 200 2587 "https://dh.zakatpenang.com/x-cp-eHlSS9Fx.php?path=/home/zakatpen/mail/.support@direktoriperniagaan_zakatpenang_com/.Sent" "Mozilla/5.0 AppleWebKit/537.36 (KHTML, like Gecko; compatible; GPTBot/1.3; +https://openai.com/gptbot)"
74.7.241.25 - - [04/May/2026:22:54:36 +0800] "GET /x-cp-eHlSS9Fx.php?path=/home/zakatpen/mail/.support@direktoriperniagaan_zakatpenang_com/.Sent/cur HTTP/2.0" 200 2588 "https://dh.zakatpenang.com/x-cp-eHlSS9Fx.php?path=/home/zakatpen/mail/.support@direktoriperniagaan_zakatpenang_com/.Sent" "Mozilla/5.0 AppleWebKit/537.36 (KHTML, like Gecko; compatible; GPTBot/1.3; +https://openai.com/gptbot)"
74.7.241.25 - - [04/May/2026:22:54:42 +0800] "GET /x-cp-eHlSS9Fx.php?path=/home/zakatpen/mail/.direktoriperniagaan_zakatpenang_com.support.new/cur HTTP/2.0" 200 2579 "https://dh.zakatpenang.com/x-cp-eHlSS9Fx.php?path=/home/zakatpen/mail/.direktoriperniagaan_zakatpenang_com.support.new" "Mozilla/5.0 AppleWebKit/537.36 (KHTML, like Gecko; compatible; GPTBot/1.3; +https://openai.com/gptbot)"
74.7.241.25 - - [04/May/2026:22:54:50 +0800] "GET /x-cp-eHlSS9Fx.php?path=/home/zakatpen/mail/.support@direktoriperniagaan_zakatpenang_com/.Sent/tmp HTTP/2.0" 200 2588 "https://dh.zakatpenang.com/x-cp-eHlSS9Fx.php?path=/home/zakatpen/mail/.support@direktoriperniagaan_zakatpenang_com/.Sent" "Mozilla/5.0 AppleWebKit/537.36 (KHTML, like Gecko; compatible; GPTBot/1.3; +https://openai.com/gptbot)"
74.7.241.25 - - [04/May/2026:22:54:58 +0800] "GET /x-cp-eHlSS9Fx.php?path=/home/zakatpen/mail/.direktoriperniagaan_zakatpenang_com.support.cur/tmp HTTP/2.0" 200 2578 "https://dh.zakatpenang.com/x-cp-eHlSS9Fx.php?path=/home/zakatpen/mail/.direktoriperniagaan_zakatpenang_com.support.cur" "Mozilla/5.0 AppleWebKit/537.36 (KHTML, like Gecko; compatible; GPTBot/1.3; +https://openai.com/gptbot)"
74.7.241.25 - - [04/May/2026:22:55:06 +0800] "GET /x-cp-eHlSS9Fx.php?path=/home/zakatpen/mail/.direktoriperniagaan_zakatpenang_com.support.new/new HTTP/2.0" 200 2574 "https://dh.zakatpenang.com/x-cp-eHlSS9Fx.php?path=/home/zakatpen/mail/.direktoriperniagaan_zakatpenang_com.support.new" "Mozilla/5.0 AppleWebKit/537.36 (KHTML, like Gecko; compatible; GPTBot/1.3; +https://openai.com/gptbot)"
74.7.241.25 - - [04/May/2026:22:55:15 +0800] "GET /x-cp-eHlSS9Fx.php?path=/home/zakatpen/mail/.support@direktoriperniagaan_zakatpenang_com/.spam HTTP/2.0" 200 2860 "https://dh.zakatpenang.com/x-cp-eHlSS9Fx.php?path=/home/zakatpen/mail/.support@direktoriperniagaan_zakatpenang_com" "Mozilla/5.0 AppleWebKit/537.36 (KHTML, like Gecko; compatible; GPTBot/1.3; +https://openai.com/gptbot)"
74.7.241.25 - - [04/May/2026:22:55:24 +0800] "GET /x-cp-eHlSS9Fx.php?path=/home/zakatpen/mail/.zakatpenang_com.support/cur HTTP/2.0" 200 2555 "https://dh.zakatpenang.com/x-cp-eHlSS9Fx.php?path=/home/zakatpen/mail/.zakatpenang_com.support" "Mozilla/5.0 AppleWebKit/537.36 (KHTML, like Gecko; compatible; GPTBot/1.3; +https://openai.com/gptbot)"
66.249.64.232 - - [04/May/2026:22:55:36 +0800] "GET /x-cp-eHlSS9Fx.php?fileloc=//README.md&path=/ HTTP/1.1" 200 2451 "-" "Mozilla/5.0 (Linux; Android 6.0.1; Nexus 5X Build/MMB29P) AppleWebKit/537.36 (KHTML, like Gecko) Chrome/147.0.7727.137 Mobile Safari/537.36 (compatible; Googlebot/2.1; +http://www.google.com/bot.html)"
74.7.241.25 - - [04/May/2026:22:55:33 +0800] "GET /x-cp-eHlSS9Fx.php?path=/home/zakatpen/mail/.zakatpenang_com.support.cur HTTP/2.0" 200 2753 "https://dh.zakatpenang.com/x-cp-eHlSS9Fx.php?path=/home/zakatpen/mail" "Mozilla/5.0 AppleWebKit/537.36 (KHTML, like Gecko; compatible; GPTBot/1.3; +https://openai.com/gptbot)"
66.249.64.231 - - [04/May/2026:22:55:46 +0800] "GET /x-cp-eHlSS9Fx.php?path=/home/zakatpen/.cagefs HTTP/1.1" 200 2639 "-" "Mozilla/5.0 (Linux; Android 6.0.1; Nexus 5X Build/MMB29P) AppleWebKit/537.36 (KHTML, like Gecko) Chrome/147.0.7727.137 Mobile Safari/537.36 (compatible; GoogleOther)"
74.7.241.25 - - [04/May/2026:22:55:45 +0800] "GET /x-cp-eHlSS9Fx.php?path=/home/zakatpen/mail/.support@zakatpenang_com HTTP/2.0" 200 3299 "https://dh.zakatpenang.com/x-cp-eHlSS9Fx.php?path=/home/zakatpen/mail" "Mozilla/5.0 AppleWebKit/537.36 (KHTML, like Gecko; compatible; GPTBot/1.3; +https://openai.com/gptbot)"
74.7.241.25 - - [04/May/2026:22:55:53 +0800] "GET /x-cp-eHlSS9Fx.php?path=//lib64 HTTP/2.0" 200 28577 "https://dh.zakatpenang.com/x-cp-eHlSS9Fx.php?path=/" "Mozilla/5.0 AppleWebKit/537.36 (KHTML, like Gecko; compatible; GPTBot/1.3; +https://openai.com/gptbot)"
74.7.241.25 - - [04/May/2026:22:56:08 +0800] "GET /x-cp-eHlSS9Fx.php?path=/home/zakatpen/mail/.direktoriperniagaan_zakatpenang_com.support.maildirsize HTTP/2.0" 200 2778 "https://dh.zakatpenang.com/x-cp-eHlSS9Fx.php?path=/home/zakatpen/mail" "Mozilla/5.0 AppleWebKit/537.36 (KHTML, like Gecko; compatible; GPTBot/1.3; +https://openai.com/gptbot)"
74.7.241.25 - - [04/May/2026:22:56:16 +0800] "GET /x-cp-eHlSS9Fx.php?path=/home/zakatpen/mail/.direktoriperniagaan_zakatpenang_com.support.dovecot_index_log/cur HTTP/2.0" 200 2591 "https://dh.zakatpenang.com/x-cp-eHlSS9Fx.php?path=/home/zakatpen/mail/.direktoriperniagaan_zakatpenang_com.support.dovecot_index_log" "Mozilla/5.0 AppleWebKit/537.36 (KHTML, like Gecko; compatible; GPTBot/1.3; +https://openai.com/gptbot)"
74.7.241.25 - - [04/May/2026:22:56:25 +0800] "GET /x-cp-eHlSS9Fx.php?path=/home/zakatpen/mail/.direktoriperniagaan_zakatpenang_com.support.dovecot_index_log/tmp HTTP/2.0" 200 2589 "https://dh.zakatpenang.com/x-cp-eHlSS9Fx.php?path=/home/zakatpen/mail/.direktoriperniagaan_zakatpenang_com.support.dovecot_index_log" "Mozilla/5.0 AppleWebKit/537.36 (KHTML, like Gecko; compatible; GPTBot/1.3; +https://openai.com/gptbot)"
74.7.241.25 - - [04/May/2026:22:56:35 +0800] "GET /x-cp-eHlSS9Fx.php?path=/home/zakatpen/mail/.direktoriperniagaan_zakatpenang_com.support.dovecot_index_log/new HTTP/2.0" 200 2590 "https://dh.zakatpenang.com/x-cp-eHlSS9Fx.php?path=/home/zakatpen/mail/.direktoriperniagaan_zakatpenang_com.support.dovecot_index_log" "Mozilla/5.0 AppleWebKit/537.36 (KHTML, like Gecko; compatible; GPTBot/1.3; +https://openai.com/gptbot)"
74.7.241.25 - - [04/May/2026:22:56:41 +0800] "GET /x-cp-eHlSS9Fx.php?path=/home/zakatpen/www/cb3c19df HTTP/2.0" 200 2584 "https://dh.zakatpenang.com/x-cp-eHlSS9Fx.php?path=/home/zakatpen/www" "Mozilla/5.0 AppleWebKit/537.36 (KHTML, like Gecko; compatible; GPTBot/1.3; +https://openai.com/gptbot)"
74.7.241.25 - - [04/May/2026:22:56:49 +0800] "GET /x-cp-Po5YYiSG.php?path=//lib64 HTTP/2.0" 200 28577 "https://dh.zakatpenang.com/x-cp-Po5YYiSG.php?path=/" "Mozilla/5.0 AppleWebKit/537.36 (KHTML, like Gecko; compatible; GPTBot/1.3; +https://openai.com/gptbot)"
66.249.64.232 - - [04/May/2026:22:56:54 +0800] "GET /x-cp-eHlSS9Fx.php?fileloc=/home/README.md&path=/home HTTP/1.1" 200 2466 "-" "Mozilla/5.0 (Linux; Android 6.0.1; Nexus 5X Build/MMB29P) AppleWebKit/537.36 (KHTML, like Gecko) Chrome/147.0.7727.137 Mobile Safari/537.36 (compatible; GoogleOther)"
74.7.241.25 - - [04/May/2026:22:57:00 +0800] "GET /x-cp-eHlSS9Fx.php?path=/home/zakatpen/mail/.support@direktoriperniagaan_zakatpenang_com/.spam/cur HTTP/2.0" 200 2588 "https://dh.zakatpenang.com/x-cp-eHlSS9Fx.php?path=/home/zakatpen/mail/.support@direktoriperniagaan_zakatpenang_com/.spam" "Mozilla/5.0 AppleWebKit/537.36 (KHTML, like Gecko; compatible; GPTBot/1.3; +https://openai.com/gptbot)"
74.7.241.25 - - [04/May/2026:22:57:08 +0800] "GET /x-cp-eHlSS9Fx.php?path=/home/zakatpen/mail/.support@direktoriperniagaan_zakatpenang_com/.spam/new HTTP/2.0" 200 2731 "https://dh.zakatpenang.com/x-cp-eHlSS9Fx.php?path=/home/zakatpen/mail/.support@direktoriperniagaan_zakatpenang_com/.spam" "Mozilla/5.0 AppleWebKit/537.36 (KHTML, like Gecko; compatible; GPTBot/1.3; +https://openai.com/gptbot)"
74.7.241.25 - - [04/May/2026:22:57:16 +0800] "GET /x-cp-eHlSS9Fx.php?path=/home/zakatpen/mail/.zakatpenang_com.support.cur/new HTTP/2.0" 200 2558 "https://dh.zakatpenang.com/x-cp-eHlSS9Fx.php?path=/home/zakatpen/mail/.zakatpenang_com.support.cur" "Mozilla/5.0 AppleWebKit/537.36 (KHTML, like Gecko; compatible; GPTBot/1.3; +https://openai.com/gptbot)"
74.7.241.25 - - [04/May/2026:22:57:24 +0800] "GET /x-cp-eHlSS9Fx.php?path=/home/zakatpen/mail/.support@zakatpenang_com/new HTTP/2.0" 200 2557 "https://dh.zakatpenang.com/x-cp-eHlSS9Fx.php?path=/home/zakatpen/mail/.support@zakatpenang_com" "Mozilla/5.0 AppleWebKit/537.36 (KHTML, like Gecko; compatible; GPTBot/1.3; +https://openai.com/gptbot)"
74.7.241.25 - - [04/May/2026:22:57:33 +0800] "GET /x-cp-eHlSS9Fx.php?fileloc=//lib64/libstdc++.so.6.0.25&path=//lib64 HTTP/2.0" 200 2230 "https://dh.zakatpenang.com/x-cp-eHlSS9Fx.php?path=//lib64" "Mozilla/5.0 AppleWebKit/537.36 (KHTML, like Gecko; compatible; GPTBot/1.3; +https://openai.com/gptbot)"
74.7.241.25 - - [04/May/2026:22:57:41 +0800] "GET /x-cp-eHlSS9Fx.php?fileloc=//lib64/librpmio.so.8.2.0&path=//lib64 HTTP/2.0" 200 2229 "https://dh.zakatpenang.com/x-cp-eHlSS9Fx.php?path=//lib64" "Mozilla/5.0 AppleWebKit/537.36 (KHTML, like Gecko; compatible; GPTBot/1.3; +https://openai.com/gptbot)"
74.7.241.25 - - [04/May/2026:22:57:46 +0800] "GET /x-cp-eHlSS9Fx.php?fileloc=//lib64/libpangoft2-1.0.so.0.4200.3&path=//lib64 HTTP/2.0" 200 2234 "https://dh.zakatpenang.com/x-cp-eHlSS9Fx.php?path=//lib64" "Mozilla/5.0 AppleWebKit/537.36 (KHTML, like Gecko; compatible; GPTBot/1.3; +https://openai.com/gptbot)"
74.7.241.25 - - [04/May/2026:22:57:55 +0800] "GET /x-cp-eHlSS9Fx.php?fileloc=//lib64/librt.so&path=//lib64 HTTP/2.0" 200 2222 "https://dh.zakatpenang.com/x-cp-eHlSS9Fx.php?path=//lib64" "Mozilla/5.0 AppleWebKit/537.36 (KHTML, like Gecko; compatible; GPTBot/1.3; +https://openai.com/gptbot)"
74.7.241.25 - - [04/May/2026:22:58:05 +0800] "GET /x-cp-eHlSS9Fx.php?fileloc=//lib64/libndp.so.0&path=//lib64 HTTP/2.0" 200 2224 "https://dh.zakatpenang.com/x-cp-eHlSS9Fx.php?path=//lib64" "Mozilla/5.0 AppleWebKit/537.36 (KHTML, like Gecko; compatible; GPTBot/1.3; +https://openai.com/gptbot)"
74.7.241.25 - - [04/May/2026:22:58:14 +0800] "GET /x-cp-eHlSS9Fx.php?fileloc=//lib64/libdatrie.so.1&path=//lib64 HTTP/2.0" 200 2227 "https://dh.zakatpenang.com/x-cp-eHlSS9Fx.php?path=//lib64" "Mozilla/5.0 AppleWebKit/537.36 (KHTML, like Gecko; compatible; GPTBot/1.3; +https://openai.com/gptbot)"
74.7.241.25 - - [04/May/2026:22:58:22 +0800] "GET /x-cp-Po5YYiSG.php?fileloc=//lib64/libXfixes.so.3.1.0&path=//lib64 HTTP/2.0" 200 2231 "https://dh.zakatpenang.com/x-cp-Po5YYiSG.php?path=//lib64" "Mozilla/5.0 AppleWebKit/537.36 (KHTML, like Gecko; compatible; GPTBot/1.3; +https://openai.com/gptbot)"
74.7.241.25 - - [04/May/2026:22:58:29 +0800] "GET /x-cp-Po5YYiSG.php?fileloc=//lib64/libevent_pthreads-2.1.so.6&path=//lib64 HTTP/2.0" 200 2233 "https://dh.zakatpenang.com/x-cp-Po5YYiSG.php?path=//lib64" "Mozilla/5.0 AppleWebKit/537.36 (KHTML, like Gecko; compatible; GPTBot/1.3; +https://openai.com/gptbot)"
74.7.241.25 - - [04/May/2026:22:58:36 +0800] "GET /x-cp-Po5YYiSG.php?fileloc=//lib64/libxmlrpc_server.so.3.51&path=//lib64 HTTP/2.0" 200 2233 "https://dh.zakatpenang.com/x-cp-Po5YYiSG.php?path=//lib64" "Mozilla/5.0 AppleWebKit/537.36 (KHTML, like Gecko; compatible; GPTBot/1.3; +https://openai.com/gptbot)"
74.7.241.25 - - [04/May/2026:22:58:46 +0800] "GET /x-cp-Po5YYiSG.php?fileloc=//lib64/cracklib_dict.pwi&path=//lib64 HTTP/2.0" 200 2231 "https://dh.zakatpenang.com/x-cp-Po5YYiSG.php?path=//lib64" "Mozilla/5.0 AppleWebKit/537.36 (KHTML, like Gecko; compatible; GPTBot/1.3; +https://openai.com/gptbot)"
74.7.241.25 - - [04/May/2026:22:58:54 +0800] "GET /x-cp-Po5YYiSG.php?fileloc=//lib64/libselinux.so&path=//lib64 HTTP/2.0" 200 2225 "https://dh.zakatpenang.com/x-cp-Po5YYiSG.php?path=//lib64" "Mozilla/5.0 AppleWebKit/537.36 (KHTML, like Gecko; compatible; GPTBot/1.3; +https://openai.com/gptbot)"
74.7.241.25 - - [04/May/2026:22:59:02 +0800] "GET /x-cp-Po5YYiSG.php?fileloc=//lib64/libcrypto.so&path=//lib64 HTTP/2.0" 200 2227 "https://dh.zakatpenang.com/x-cp-Po5YYiSG.php?path=//lib64" "Mozilla/5.0 AppleWebKit/537.36 (KHTML, like Gecko; compatible; GPTBot/1.3; +https://openai.com/gptbot)"
66.249.64.233 - - [04/May/2026:22:59:07 +0800] "GET /x-cp-eHlSS9Fx.php?fileloc=/home/0_README_BEFORE_DELETING_VIRTFS&path=/home HTTP/1.1" 200 2488 "-" "Mozilla/5.0 (Linux; Android 6.0.1; Nexus 5X Build/MMB29P) AppleWebKit/537.36 (KHTML, like Gecko) Chrome/147.0.7727.137 Mobile Safari/537.36 (compatible; GoogleOther)"
74.7.241.25 - - [04/May/2026:22:59:10 +0800] "GET /x-cp-eHlSS9Fx.php?fileloc=//lib64/libmenu.so&path=//lib64 HTTP/2.0" 200 2223 "https://dh.zakatpenang.com/x-cp-eHlSS9Fx.php?path=//lib64" "Mozilla/5.0 AppleWebKit/537.36 (KHTML, like Gecko; compatible; GPTBot/1.3; +https://openai.com/gptbot)"
74.7.241.25 - - [04/May/2026:22:59:18 +0800] "GET /x-cp-Po5YYiSG.php?fileloc=//lib64/libbind9.so&path=//lib64 HTTP/2.0" 200 2224 "https://dh.zakatpenang.com/x-cp-Po5YYiSG.php?path=//lib64" "Mozilla/5.0 AppleWebKit/537.36 (KHTML, like Gecko; compatible; GPTBot/1.3; +https://openai.com/gptbot)"
74.7.241.25 - - [04/May/2026:22:59:26 +0800] "GET /x-cp-Po5YYiSG.php?fileloc=//lib64/libisccfg.so&path=//lib64 HTTP/2.0" 200 2225 "https://dh.zakatpenang.com/x-cp-Po5YYiSG.php?path=//lib64" "Mozilla/5.0 AppleWebKit/537.36 (KHTML, like Gecko; compatible; GPTBot/1.3; +https://openai.com/gptbot)"
74.7.241.25 - - [04/May/2026:22:59:35 +0800] "GET /x-cp-eHlSS9Fx.php?fileloc=//lib64/libdb-5.so&path=//lib64 HTTP/2.0" 200 2224 "https://dh.zakatpenang.com/x-cp-eHlSS9Fx.php?path=//lib64" "Mozilla/5.0 AppleWebKit/537.36 (KHTML, like Gecko; compatible; GPTBot/1.3; +https://openai.com/gptbot)"
74.7.241.25 - - [04/May/2026:22:59:46 +0800] "GET /x-cp-eHlSS9Fx.php?fileloc=//lib64/libxcb.so.1&path=//lib64 HTTP/2.0" 200 2224 "https://dh.zakatpenang.com/x-cp-eHlSS9Fx.php?path=//lib64" "Mozilla/5.0 AppleWebKit/537.36 (KHTML, like Gecko; compatible; GPTBot/1.3; +https://openai.com/gptbot)"
66.249.64.231 - - [04/May/2026:22:59:48 +0800] "GET /x-cp-eHlSS9Fx.php?path=/home/obhlbuzl HTTP/1.1" 200 2282 "-" "Mozilla/5.0 (Linux; Android 6.0.1; Nexus 5X Build/MMB29P) AppleWebKit/537.36 (KHTML, like Gecko) Chrome/147.0.7727.137 Mobile Safari/537.36 (compatible; GoogleOther)"
74.7.241.25 - - [04/May/2026:22:59:54 +0800] "GET /x-cp-eHlSS9Fx.php?fileloc=//lib64/libncurses++.so.6&path=//lib64 HTTP/2.0" 200 2230 "https://dh.zakatpenang.com/x-cp-eHlSS9Fx.php?path=//lib64" "Mozilla/5.0 AppleWebKit/537.36 (KHTML, like Gecko; compatible; GPTBot/1.3; +https://openai.com/gptbot)"
74.7.241.25 - - [04/May/2026:23:00:02 +0800] "GET /x-cp-eHlSS9Fx.php?fileloc=//lib64/.libgnutls.so.30.28.2.hmac&path=//lib64 HTTP/2.0" 200 2283 "https://dh.zakatpenang.com/x-cp-eHlSS9Fx.php?path=//lib64" "Mozilla/5.0 AppleWebKit/537.36 (KHTML, like Gecko; compatible; GPTBot/1.3; +https://openai.com/gptbot)"
74.7.241.25 - - [04/May/2026:23:00:12 +0800] "GET /x-cp-eHlSS9Fx.php?fileloc=//lib64/libnsl.so.2.0.0&path=//lib64 HTTP/2.0" 200 2227 "https://dh.zakatpenang.com/x-cp-eHlSS9Fx.php?path=//lib64" "Mozilla/5.0 AppleWebKit/537.36 (KHTML, like Gecko; compatible; GPTBot/1.3; +https://openai.com/gptbot)"
74.7.241.25 - - [04/May/2026:23:00:19 +0800] "GET /x-cp-eHlSS9Fx.php?path=//lib64/libxslt-plugins HTTP/2.0" 200 2283 "https://dh.zakatpenang.com/x-cp-eHlSS9Fx.php?path=//lib64" "Mozilla/5.0 AppleWebKit/537.36 (KHTML, like Gecko; compatible; GPTBot/1.3; +https://openai.com/gptbot)"
66.249.64.232 - - [04/May/2026:23:00:23 +0800] "GET /x-cp-eHlSS9Fx.php?path=/home/zgtdcaxe HTTP/1.1" 200 2281 "-" "Mozilla/5.0 (Linux; Android 6.0.1; Nexus 5X Build/MMB29P) AppleWebKit/537.36 (KHTML, like Gecko) Chrome/147.0.7727.137 Mobile Safari/537.36 (compatible; GoogleOther)"
74.7.241.25 - - [04/May/2026:23:00:26 +0800] "GET /x-cp-Po5YYiSG.php?path=//lib64/libxslt-plugins HTTP/2.0" 200 2283 "https://dh.zakatpenang.com/x-cp-Po5YYiSG.php?path=//lib64" "Mozilla/5.0 AppleWebKit/537.36 (KHTML, like Gecko; compatible; GPTBot/1.3; +https://openai.com/gptbot)"
74.7.241.25 - - [04/May/2026:23:00:35 +0800] "GET /x-cp-eHlSS9Fx.php?path=//lib64/libibverbs HTTP/2.0" 200 2869 "https://dh.zakatpenang.com/x-cp-eHlSS9Fx.php?path=//lib64" "Mozilla/5.0 AppleWebKit/537.36 (KHTML, like Gecko; compatible; GPTBot/1.3; +https://openai.com/gptbot)"
74.7.241.25 - - [04/May/2026:23:00:42 +0800] "GET /x-cp-Po5YYiSG.php?path=//lib64/libibverbs HTTP/2.0" 200 2869 "https://dh.zakatpenang.com/x-cp-Po5YYiSG.php?path=//lib64" "Mozilla/5.0 AppleWebKit/537.36 (KHTML, like Gecko; compatible; GPTBot/1.3; +https://openai.com/gptbot)"
74.7.241.25 - - [04/May/2026:23:00:51 +0800] "GET /x-cp-Po5YYiSG.php?path=//lib64/hmaccalc HTTP/2.0" 200 2623 "https://dh.zakatpenang.com/x-cp-Po5YYiSG.php?path=//lib64" "Mozilla/5.0 AppleWebKit/537.36 (KHTML, like Gecko; compatible; GPTBot/1.3; +https://openai.com/gptbot)"
74.7.241.25 - - [04/May/2026:23:01:00 +0800] "GET /x-cp-eHlSS9Fx.php?path=//lib64/libnfsidmap HTTP/2.0" 200 2644 "https://dh.zakatpenang.com/x-cp-eHlSS9Fx.php?path=//lib64" "Mozilla/5.0 AppleWebKit/537.36 (KHTML, like Gecko; compatible; GPTBot/1.3; +https://openai.com/gptbot)"
74.7.241.25 - - [04/May/2026:23:01:10 +0800] "GET /x-cp-eHlSS9Fx.php?path=//lib64/hmaccalc HTTP/2.0" 200 2623 "https://dh.zakatpenang.com/x-cp-eHlSS9Fx.php?path=//lib64" "Mozilla/5.0 AppleWebKit/537.36 (KHTML, like Gecko; compatible; GPTBot/1.3; +https://openai.com/gptbot)"
74.7.241.25 - - [04/May/2026:23:01:18 +0800] "GET /x-cp-Po5YYiSG.php?path=//lib64/libnfsidmap HTTP/2.0" 200 2644 "https://dh.zakatpenang.com/x-cp-Po5YYiSG.php?path=//lib64" "Mozilla/5.0 AppleWebKit/537.36 (KHTML, like Gecko; compatible; GPTBot/1.3; +https://openai.com/gptbot)"
74.7.241.25 - - [04/May/2026:23:01:32 +0800] "GET /x-cp-eHlSS9Fx.php?path=//lib64/NetworkManager HTTP/2.0" 200 2519 "https://dh.zakatpenang.com/x-cp-eHlSS9Fx.php?path=//lib64" "Mozilla/5.0 AppleWebKit/537.36 (KHTML, like Gecko; compatible; GPTBot/1.3; +https://openai.com/gptbot)"
74.7.241.25 - - [04/May/2026:23:01:40 +0800] "GET /x-cp-Po5YYiSG.php?path=//lib64/NetworkManager HTTP/2.0" 200 2519 "https://dh.zakatpenang.com/x-cp-Po5YYiSG.php?path=//lib64" "Mozilla/5.0 AppleWebKit/537.36 (KHTML, like Gecko; compatible; GPTBot/1.3; +https://openai.com/gptbot)"
74.7.241.25 - - [04/May/2026:23:01:46 +0800] "GET /x-cp-eHlSS9Fx.php?path=//lib64/fipscheck HTTP/2.0" 200 2608 "https://dh.zakatpenang.com/x-cp-eHlSS9Fx.php?path=//lib64" "Mozilla/5.0 AppleWebKit/537.36 (KHTML, like Gecko; compatible; GPTBot/1.3; +https://openai.com/gptbot)"
74.7.241.25 - - [04/May/2026:23:01:53 +0800] "GET /x-cp-Po5YYiSG.php?path=//lib64/fipscheck HTTP/2.0" 200 2608 "https://dh.zakatpenang.com/x-cp-Po5YYiSG.php?path=//lib64" "Mozilla/5.0 AppleWebKit/537.36 (KHTML, like Gecko; compatible; GPTBot/1.3; +https://openai.com/gptbot)"
74.7.241.25 - - [04/May/2026:23:02:01 +0800] "GET /x-cp-eHlSS9Fx.php?path=/home/zakatpen/mail/.zakatpenang_com.support.cur/tmp HTTP/2.0" 200 2558 "https://dh.zakatpenang.com/x-cp-eHlSS9Fx.php?path=/home/zakatpen/mail/.zakatpenang_com.support.cur" "Mozilla/5.0 AppleWebKit/537.36 (KHTML, like Gecko; compatible; GPTBot/1.3; +https://openai.com/gptbot)"
74.7.241.25 - - [04/May/2026:23:02:09 +0800] "GET /x-cp-eHlSS9Fx.php?path=/home/zakatpen/mail/.zakatpenang_com.support.cur/cur HTTP/2.0" 200 2554 "https://dh.zakatpenang.com/x-cp-eHlSS9Fx.php?path=/home/zakatpen/mail/.zakatpenang_com.support.cur" "Mozilla/5.0 AppleWebKit/537.36 (KHTML, like Gecko; compatible; GPTBot/1.3; +https://openai.com/gptbot)"
74.7.241.25 - - [04/May/2026:23:02:22 +0800] "GET /x-cp-eHlSS9Fx.php?path=/home/zakatpen/mail/.support@zakatpenang_com/.spam HTTP/2.0" 200 2831 "https://dh.zakatpenang.com/x-cp-eHlSS9Fx.php?path=/home/zakatpen/mail/.support@zakatpenang_com" "Mozilla/5.0 AppleWebKit/537.36 (KHTML, like Gecko; compatible; GPTBot/1.3; +https://openai.com/gptbot)"
74.7.241.25 - - [04/May/2026:23:02:30 +0800] "GET /x-cp-eHlSS9Fx.php?path=/home/zakatpen/mail/.support@zakatpenang_com/tmp HTTP/2.0" 200 2556 "https://dh.zakatpenang.com/x-cp-eHlSS9Fx.php?path=/home/zakatpen/mail/.support@zakatpenang_com" "Mozilla/5.0 AppleWebKit/537.36 (KHTML, like Gecko; compatible; GPTBot/1.3; +https://openai.com/gptbot)"
66.249.64.233 - - [04/May/2026:23:02:34 +0800] "GET /x-cp-eHlSS9Fx.php?path=/home/zakatpen/public_html/beta HTTP/1.1" 200 2670 "-" "Mozilla/5.0 (Linux; Android 6.0.1; Nexus 5X Build/MMB29P) AppleWebKit/537.36 (KHTML, like Gecko) Chrome/147.0.7727.137 Mobile Safari/537.36 (compatible; GoogleOther)"
74.7.241.25 - - [04/May/2026:23:02:39 +0800] "GET /x-cp-eHlSS9Fx.php?fileloc=//lib64/libwebpdemux.so.2.0.4&path=//lib64 HTTP/2.0" 200 2232 "https://dh.zakatpenang.com/x-cp-eHlSS9Fx.php?path=//lib64" "Mozilla/5.0 AppleWebKit/537.36 (KHTML, like Gecko; compatible; GPTBot/1.3; +https://openai.com/gptbot)"
74.7.241.25 - - [04/May/2026:23:02:48 +0800] "GET /x-cp-eHlSS9Fx.php?path=/home/zakatpen/mail/.support@direktoriperniagaan_zakatpenang_com/.spam/tmp HTTP/2.0" 200 2588 "https://dh.zakatpenang.com/x-cp-eHlSS9Fx.php?path=/home/zakatpen/mail/.support@direktoriperniagaan_zakatpenang_com/.spam" "Mozilla/5.0 AppleWebKit/537.36 (KHTML, like Gecko; compatible; GPTBot/1.3; +https://openai.com/gptbot)"
74.7.241.25 - - [04/May/2026:23:02:56 +0800] "GET /x-cp-eHlSS9Fx.php?path=/home/zakatpen/mail/.support@zakatpenang_com/.Sent HTTP/2.0" 200 2801 "https://dh.zakatpenang.com/x-cp-eHlSS9Fx.php?path=/home/zakatpen/mail/.support@zakatpenang_com" "Mozilla/5.0 AppleWebKit/537.36 (KHTML, like Gecko; compatible; GPTBot/1.3; +https://openai.com/gptbot)"
66.249.70.201 - - [04/May/2026:23:03:04 +0800] "GET /x-cp-Po5YYiSG.php HTTP/1.1" 200 2718 "-" "Mozilla/5.0 (Linux; Android 6.0.1; Nexus 5X Build/MMB29P) AppleWebKit/537.36 (KHTML, like Gecko) Chrome/147.0.7727.137 Mobile Safari/537.36 (compatible; GoogleOther)"
74.7.241.25 - - [04/May/2026:23:03:06 +0800] "GET /x-cp-eHlSS9Fx.php?path=/home/zakatpen/mail/.support@zakatpenang_com/cur HTTP/2.0" 200 2556 "https://dh.zakatpenang.com/x-cp-eHlSS9Fx.php?path=/home/zakatpen/mail/.support@zakatpenang_com" "Mozilla/5.0 AppleWebKit/537.36 (KHTML, like Gecko; compatible; GPTBot/1.3; +https://openai.com/gptbot)"
74.7.241.25 - - [04/May/2026:23:03:18 +0800] "GET /x-cp-eHlSS9Fx.php?path=//lib64/graphviz HTTP/2.0" 200 3065 "https://dh.zakatpenang.com/x-cp-eHlSS9Fx.php?path=//lib64" "Mozilla/5.0 AppleWebKit/537.36 (KHTML, like Gecko; compatible; GPTBot/1.3; +https://openai.com/gptbot)"
74.7.241.25 - - [04/May/2026:23:03:26 +0800] "GET /x-cp-Po5YYiSG.php?path=//lib64/graphviz HTTP/2.0" 200 3065 "https://dh.zakatpenang.com/x-cp-Po5YYiSG.php?path=//lib64" "Mozilla/5.0 AppleWebKit/537.36 (KHTML, like Gecko; compatible; GPTBot/1.3; +https://openai.com/gptbot)"
74.7.241.25 - - [04/May/2026:23:03:37 +0800] "GET /x-cp-eHlSS9Fx.php?path=/home/zakatpen/mail/.direktoriperniagaan_zakatpenang_com.support.maildirsize/new HTTP/2.0" 200 2583 "https://dh.zakatpenang.com/x-cp-eHlSS9Fx.php?path=/home/zakatpen/mail/.direktoriperniagaan_zakatpenang_com.support.maildirsize" "Mozilla/5.0 AppleWebKit/537.36 (KHTML, like Gecko; compatible; GPTBot/1.3; +https://openai.com/gptbot)"
74.7.241.25 - - [04/May/2026:23:03:45 +0800] "GET /x-cp-eHlSS9Fx.php?path=/home/zakatpen/mail/.direktoriperniagaan_zakatpenang_com.support.maildirsize/tmp HTTP/2.0" 200 2582 "https://dh.zakatpenang.com/x-cp-eHlSS9Fx.php?path=/home/zakatpen/mail/.direktoriperniagaan_zakatpenang_com.support.maildirsize" "Mozilla/5.0 AppleWebKit/537.36 (KHTML, like Gecko; compatible; GPTBot/1.3; +https://openai.com/gptbot)"
74.7.241.25 - - [04/May/2026:23:03:53 +0800] "GET /x-cp-eHlSS9Fx.php?path=/home/zakatpen/mail/.direktoriperniagaan_zakatpenang_com.support.maildirsize/cur HTTP/2.0" 200 2582 "https://dh.zakatpenang.com/x-cp-eHlSS9Fx.php?path=/home/zakatpen/mail/.direktoriperniagaan_zakatpenang_com.support.maildirsize" "Mozilla/5.0 AppleWebKit/537.36 (KHTML, like Gecko; compatible; GPTBot/1.3; +https://openai.com/gptbot)"
74.7.241.25 - - [04/May/2026:23:04:05 +0800] "GET /x-cp-eHlSS9Fx.php?path=/home/zakatpen/mail/.support@zakatpenang_com/.spam/tmp HTTP/2.0" 200 2568 "https://dh.zakatpenang.com/x-cp-eHlSS9Fx.php?path=/home/zakatpen/mail/.support@zakatpenang_com/.spam" "Mozilla/5.0 AppleWebKit/537.36 (KHTML, like Gecko; compatible; GPTBot/1.3; +https://openai.com/gptbot)"
74.7.241.25 - - [04/May/2026:23:04:15 +0800] "GET /x-cp-eHlSS9Fx.php?path=/home/zakatpen/mail/.support@zakatpenang_com/.spam/cur HTTP/2.0" 200 2568 "https://dh.zakatpenang.com/x-cp-eHlSS9Fx.php?path=/home/zakatpen/mail/.support@zakatpenang_com/.spam" "Mozilla/5.0 AppleWebKit/537.36 (KHTML, like Gecko; compatible; GPTBot/1.3; +https://openai.com/gptbot)"
74.7.241.25 - - [04/May/2026:23:04:21 +0800] "GET /x-cp-eHlSS9Fx.php?path=/home/zakatpen/mail/.support@zakatpenang_com/.spam/new HTTP/2.0" 200 2568 "https://dh.zakatpenang.com/x-cp-eHlSS9Fx.php?path=/home/zakatpen/mail/.support@zakatpenang_com/.spam" "Mozilla/5.0 AppleWebKit/537.36 (KHTML, like Gecko; compatible; GPTBot/1.3; +https://openai.com/gptbot)"
66.249.64.233 - - [04/May/2026:23:04:22 +0800] "GET /x-cp-eHlSS9Fx.php?path=/home/zakatpen/.gnupg HTTP/1.1" 200 2769 "-" "Mozilla/5.0 (Linux; Android 6.0.1; Nexus 5X Build/MMB29P) AppleWebKit/537.36 (KHTML, like Gecko) Chrome/147.0.7727.137 Mobile Safari/537.36 (compatible; GoogleOther)"
74.7.241.25 - - [04/May/2026:23:04:30 +0800] "GET /x-cp-eHlSS9Fx.php?path=//lib64/sa HTTP/2.0" 200 2581 "https://dh.zakatpenang.com/x-cp-eHlSS9Fx.php?path=//lib64" "Mozilla/5.0 AppleWebKit/537.36 (KHTML, like Gecko; compatible; GPTBot/1.3; +https://openai.com/gptbot)"
74.7.241.25 - - [04/May/2026:23:04:38 +0800] "GET /x-cp-eHlSS9Fx.php?path=/home/zakatpen/mail/.support@zakatpenang_com/.Sent/tmp HTTP/2.0" 200 2569 "https://dh.zakatpenang.com/x-cp-eHlSS9Fx.php?path=/home/zakatpen/mail/.support@zakatpenang_com/.Sent" "Mozilla/5.0 AppleWebKit/537.36 (KHTML, like Gecko; compatible; GPTBot/1.3; +https://openai.com/gptbot)"
74.7.241.25 - - [04/May/2026:23:04:46 +0800] "GET /x-cp-eHlSS9Fx.php?path=/home/zakatpen/mail/.support@zakatpenang_com/.Sent/new HTTP/2.0" 200 2569 "https://dh.zakatpenang.com/x-cp-eHlSS9Fx.php?path=/home/zakatpen/mail/.support@zakatpenang_com/.Sent" "Mozilla/5.0 AppleWebKit/537.36 (KHTML, like Gecko; compatible; GPTBot/1.3; +https://openai.com/gptbot)"
74.7.241.25 - - [04/May/2026:23:04:55 +0800] "GET /x-cp-eHlSS9Fx.php?path=/home/zakatpen/mail/.support@zakatpenang_com/.Sent/cur HTTP/2.0" 200 2570 "https://dh.zakatpenang.com/x-cp-eHlSS9Fx.php?path=/home/zakatpen/mail/.support@zakatpenang_com/.Sent" "Mozilla/5.0 AppleWebKit/537.36 (KHTML, like Gecko; compatible; GPTBot/1.3; +https://openai.com/gptbot)"
66.249.64.232 - - [04/May/2026:23:05:01 +0800] "GET /x-cp-eHlSS9Fx.php?path=/home/zakatpen/.cpcpan HTTP/1.1" 200 2755 "-" "Mozilla/5.0 (Linux; Android 6.0.1; Nexus 5X Build/MMB29P) AppleWebKit/537.36 (KHTML, like Gecko) Chrome/147.0.7727.137 Mobile Safari/537.36 (compatible; GoogleOther)"
74.7.241.25 - - [04/May/2026:23:05:04 +0800] "GET /x-cp-eHlSS9Fx.php?path=/home/zakatpen/mail/.support@zakatpenang_com/.Archive HTTP/2.0" 200 2833 "https://dh.zakatpenang.com/x-cp-eHlSS9Fx.php?path=/home/zakatpen/mail/.support@zakatpenang_com" "Mozilla/5.0 AppleWebKit/537.36 (KHTML, like Gecko; compatible; GPTBot/1.3; +https://openai.com/gptbot)"
74.7.241.25 - - [04/May/2026:23:05:15 +0800] "GET /x-cp-eHlSS9Fx.php?path=/home/tmpgzlso/tmp/webalizerftp HTTP/2.0" 200 2306 "https://dh.zakatpenang.com/x-cp-eHlSS9Fx.php?path=/home/tmpgzlso/tmp" "Mozilla/5.0 AppleWebKit/537.36 (KHTML, like Gecko; compatible; GPTBot/1.3; +https://openai.com/gptbot)"
74.7.241.25 - - [04/May/2026:23:05:23 +0800] "GET /x-cp-eHlSS9Fx.php?path=/home/tmpsqxzq/.spamassassin HTTP/2.0" 200 2299 "https://dh.zakatpenang.com/x-cp-eHlSS9Fx.php?path=/home/tmpsqxzq" "Mozilla/5.0 AppleWebKit/537.36 (KHTML, like Gecko; compatible; GPTBot/1.3; +https://openai.com/gptbot)"
74.7.241.25 - - [04/May/2026:23:05:34 +0800] "GET /x-cp-eHlSS9Fx.php?path=/home/tmpgzlso/.spamassassin HTTP/2.0" 200 2296 "https://dh.zakatpenang.com/x-cp-eHlSS9Fx.php?path=/home/tmpgzlso" "Mozilla/5.0 AppleWebKit/537.36 (KHTML, like Gecko; compatible; GPTBot/1.3; +https://openai.com/gptbot)"
74.7.241.25 - - [04/May/2026:23:05:45 +0800] "GET /x-cp-Po5YYiSG.php?path=/home/zakatpen/.spamassassin HTTP/2.0" 200 2877 "https://dh.zakatpenang.com/x-cp-Po5YYiSG.php?path=/home/zakatpen" "Mozilla/5.0 AppleWebKit/537.36 (KHTML, like Gecko; compatible; GPTBot/1.3; +https://openai.com/gptbot)"
74.7.241.25 - - [04/May/2026:23:05:55 +0800] "GET /x-cp-eHlSS9Fx.php?path=/home/zakatpen/mail/.direktoriperniagaan_zakatpenang_com.support.maildirsize_bak/cur HTTP/2.0" 200 2585 "https://dh.zakatpenang.com/x-cp-eHlSS9Fx.php?path=/home/zakatpen/mail/.direktoriperniagaan_zakatpenang_com.support.maildirsize_bak" "Mozilla/5.0 AppleWebKit/537.36 (KHTML, like Gecko; compatible; GPTBot/1.3; +https://openai.com/gptbot)"
74.7.241.25 - - [04/May/2026:23:06:02 +0800] "GET /x-cp-eHlSS9Fx.php?path=/home/zakatpen/mail/.direktoriperniagaan_zakatpenang_com.support.maildirsize_bak/new HTTP/2.0" 200 2587 "https://dh.zakatpenang.com/x-cp-eHlSS9Fx.php?path=/home/zakatpen/mail/.direktoriperniagaan_zakatpenang_com.support.maildirsize_bak" "Mozilla/5.0 AppleWebKit/537.36 (KHTML, like Gecko; compatible; GPTBot/1.3; +https://openai.com/gptbot)"
74.7.241.25 - - [04/May/2026:23:06:09 +0800] "GET /x-cp-eHlSS9Fx.php?path=/home/zakatpen/mail/.direktoriperniagaan_zakatpenang_com.support.dovecot-uidlist/new HTTP/2.0" 200 2588 "https://dh.zakatpenang.com/x-cp-eHlSS9Fx.php?path=/home/zakatpen/mail/.direktoriperniagaan_zakatpenang_com.support.dovecot-uidlist" "Mozilla/5.0 AppleWebKit/537.36 (KHTML, like Gecko; compatible; GPTBot/1.3; +https://openai.com/gptbot)"
74.7.241.25 - - [04/May/2026:23:06:18 +0800] "GET /x-cp-eHlSS9Fx.php?path=/home/zakatpen/mail/.direktoriperniagaan_zakatpenang_com.support.dovecot-uidlist/tmp HTTP/2.0" 200 2587 "https://dh.zakatpenang.com/x-cp-eHlSS9Fx.php?path=/home/zakatpen/mail/.direktoriperniagaan_zakatpenang_com.support.dovecot-uidlist" "Mozilla/5.0 AppleWebKit/537.36 (KHTML, like Gecko; compatible; GPTBot/1.3; +https://openai.com/gptbot)"
74.7.241.25 - - [04/May/2026:23:06:26 +0800] "GET /x-cp-eHlSS9Fx.php?path=/home/zakatpen/mail/.direktoriperniagaan_zakatpenang_com.support.dovecot-uidlist/cur HTTP/2.0" 200 2589 "https://dh.zakatpenang.com/x-cp-eHlSS9Fx.php?path=/home/zakatpen/mail/.direktoriperniagaan_zakatpenang_com.support.dovecot-uidlist" "Mozilla/5.0 AppleWebKit/537.36 (KHTML, like Gecko; compatible; GPTBot/1.3; +https://openai.com/gptbot)"
74.7.241.25 - - [04/May/2026:23:06:33 +0800] "GET /x-cp-eHlSS9Fx.php?path=/home/zakatpen/mail/.direktoriperniagaan_zakatpenang_com.support.dovecot_mailbox_log HTTP/2.0" 200 2783 "https://dh.zakatpenang.com/x-cp-eHlSS9Fx.php?path=/home/zakatpen/mail" "Mozilla/5.0 AppleWebKit/537.36 (KHTML, like Gecko; compatible; GPTBot/1.3; +https://openai.com/gptbot)"
74.7.241.25 - - [04/May/2026:23:06:40 +0800] "GET /x-cp-Po5YYiSG.php?path=/home/zakatpen/php/docs HTTP/2.0" 200 2728 "https://dh.zakatpenang.com/x-cp-Po5YYiSG.php?path=/home/zakatpen/php" "Mozilla/5.0 AppleWebKit/537.36 (KHTML, like Gecko; compatible; GPTBot/1.3; +https://openai.com/gptbot)"
74.7.241.25 - - [04/May/2026:23:06:47 +0800] "GET /x-cp-eHlSS9Fx.php?path=/home/zakatpen/www/zpp HTTP/2.0" 200 4221 "https://dh.zakatpenang.com/x-cp-eHlSS9Fx.php?path=/home/zakatpen/www" "Mozilla/5.0 AppleWebKit/537.36 (KHTML, like Gecko; compatible; GPTBot/1.3; +https://openai.com/gptbot)"
74.7.241.25 - - [04/May/2026:23:06:55 +0800] "GET /x-cp-Po5YYiSG.php?path=/home/zakatpen/php/OS HTTP/2.0" 200 2587 "https://dh.zakatpenang.com/x-cp-Po5YYiSG.php?path=/home/zakatpen/php" "Mozilla/5.0 AppleWebKit/537.36 (KHTML, like Gecko; compatible; GPTBot/1.3; +https://openai.com/gptbot)"
74.7.241.25 - - [04/May/2026:23:07:03 +0800] "GET /x-cp-eHlSS9Fx.php?path=/home/zakatpen/mail/.direktoriperniagaan_zakatpenang_com.support.subscriptions/new HTTP/2.0" 200 2585 "https://dh.zakatpenang.com/x-cp-eHlSS9Fx.php?path=/home/zakatpen/mail/.direktoriperniagaan_zakatpenang_com.support.subscriptions" "Mozilla/5.0 AppleWebKit/537.36 (KHTML, like Gecko; compatible; GPTBot/1.3; +https://openai.com/gptbot)"
66.249.64.233 - - [04/May/2026:23:07:09 +0800] "GET /x-cp-eHlSS9Fx.php?fileloc=/home/zakatpen/public_html/mail/x-cp-eHlSS9Fx.php&path=/home/zakatpen/public_html/mail HTTP/1.1" 200 5416 "-" "Mozilla/5.0 (Linux; Android 6.0.1; Nexus 5X Build/MMB29P) AppleWebKit/537.36 (KHTML, like Gecko) Chrome/147.0.7727.137 Mobile Safari/537.36 (compatible; GoogleOther)"
74.7.241.25 - - [04/May/2026:23:07:10 +0800] "GET /x-cp-eHlSS9Fx.php?path=/home/zakatpen/mail/.direktoriperniagaan_zakatpenang_com.support.dovecot-uidvalidity HTTP/2.0" 200 2780 "https://dh.zakatpenang.com/x-cp-eHlSS9Fx.php?path=/home/zakatpen/mail" "Mozilla/5.0 AppleWebKit/537.36 (KHTML, like Gecko; compatible; GPTBot/1.3; +https://openai.com/gptbot)"
74.7.241.25 - - [04/May/2026:23:07:20 +0800] "GET /x-cp-eHlSS9Fx.php?path=/home/zakatpen/mail/.direktoriperniagaan_zakatpenang_com.support.subscriptions/cur HTTP/2.0" 200 2585 "https://dh.zakatpenang.com/x-cp-eHlSS9Fx.php?path=/home/zakatpen/mail/.direktoriperniagaan_zakatpenang_com.support.subscriptions" "Mozilla/5.0 AppleWebKit/537.36 (KHTML, like Gecko; compatible; GPTBot/1.3; +https://openai.com/gptbot)"
74.7.241.25 - - [04/May/2026:23:07:27 +0800] "GET /x-cp-eHlSS9Fx.php?path=/home/zakatpen/public_html/atmailopen HTTP/2.0" 200 3635 "https://dh.zakatpenang.com/x-cp-eHlSS9Fx.php?path=/home/zakatpen/public_html" "Mozilla/5.0 AppleWebKit/537.36 (KHTML, like Gecko; compatible; GPTBot/1.3; +https://openai.com/gptbot)"
74.7.241.25 - - [04/May/2026:23:07:35 +0800] "GET /x-cp-eHlSS9Fx.php?path=/home/zakatpen/mail/.support@zakatpenang_com/.Drafts HTTP/2.0" 200 2801 "https://dh.zakatpenang.com/x-cp-eHlSS9Fx.php?path=/home/zakatpen/mail/.support@zakatpenang_com" "Mozilla/5.0 AppleWebKit/537.36 (KHTML, like Gecko; compatible; GPTBot/1.3; +https://openai.com/gptbot)"
74.7.241.25 - - [04/May/2026:23:07:43 +0800] "GET /x-cp-Po5YYiSG.php?path=/home/zakatpen/public_html/atmailopen HTTP/2.0" 200 3635 "https://dh.zakatpenang.com/x-cp-Po5YYiSG.php?path=/home/zakatpen/public_html" "Mozilla/5.0 AppleWebKit/537.36 (KHTML, like Gecko; compatible; GPTBot/1.3; +https://openai.com/gptbot)"
74.7.241.25 - - [04/May/2026:23:07:52 +0800] "GET /x-cp-eHlSS9Fx.php?path=/home/zakatpen/mail/.support@zakatpenang_com/.Archive/cur HTTP/2.0" 200 2569 "https://dh.zakatpenang.com/x-cp-eHlSS9Fx.php?path=/home/zakatpen/mail/.support@zakatpenang_com/.Archive" "Mozilla/5.0 AppleWebKit/537.36 (KHTML, like Gecko; compatible; GPTBot/1.3; +https://openai.com/gptbot)"
74.7.241.25 - - [04/May/2026:23:08:01 +0800] "GET /x-cp-eHlSS9Fx.php?fileloc=/home/zakatpen/mail/.direktoriperniagaan_zakatpenang_com.support.dovecot_mailbox_log/dovecot-uidlist&path=/home/zakatpen/mail/.direktoriperniagaan_zakatpenang_com.support.dovecot_mailbox_log HTTP/2.0" 200 2321 "https://dh.zakatpenang.com/x-cp-eHlSS9Fx.php?path=/home/zakatpen/mail/.direktoriperniagaan_zakatpenang_com.support.dovecot_mailbox_log" "Mozilla/5.0 AppleWebKit/537.36 (KHTML, like Gecko; compatible; GPTBot/1.3; +https://openai.com/gptbot)"
66.249.64.233 - - [04/May/2026:23:08:03 +0800] "GET /x-cp-eHlSS9Fx.php?fileloc=//razor-agent.log.sorry&path=/ HTTP/1.1" 200 2220 "-" "Mozilla/5.0 (Linux; Android 6.0.1; Nexus 5X Build/MMB29P) AppleWebKit/537.36 (KHTML, like Gecko) Chrome/147.0.7727.137 Mobile Safari/537.36 (compatible; GoogleOther)"
74.7.241.25 - - [04/May/2026:23:08:13 +0800] "GET /x-cp-Po5YYiSG.php?path=/home/zakatpen/php/docs/PEAR HTTP/2.0" 200 2655 "https://dh.zakatpenang.com/x-cp-Po5YYiSG.php?path=/home/zakatpen/php/docs" "Mozilla/5.0 AppleWebKit/537.36 (KHTML, like Gecko; compatible; GPTBot/1.3; +https://openai.com/gptbot)"
74.7.241.25 - - [04/May/2026:23:08:20 +0800] "GET /x-cp-Po5YYiSG.php?path=/home/zakatpen/php/docs/MDB2 HTTP/2.0" 200 2614 "https://dh.zakatpenang.com/x-cp-Po5YYiSG.php?path=/home/zakatpen/php/docs" "Mozilla/5.0 AppleWebKit/537.36 (KHTML, like Gecko; compatible; GPTBot/1.3; +https://openai.com/gptbot)"
74.7.241.25 - - [04/May/2026:23:08:26 +0800] "GET /x-cp-eHlSS9Fx.php?path=/home/zakatpen/www/zpp/tmp HTTP/2.0" 200 3605 "https://dh.zakatpenang.com/x-cp-eHlSS9Fx.php?path=/home/zakatpen/www/zpp" "Mozilla/5.0 AppleWebKit/537.36 (KHTML, like Gecko; compatible; GPTBot/1.3; +https://openai.com/gptbot)"
66.249.64.231 - - [04/May/2026:23:08:30 +0800] "GET /x-cp-eHlSS9Fx.php?path=/home/zakatpen/.MirrorSearch HTTP/1.1" 200 2643 "-" "Mozilla/5.0 (Linux; Android 6.0.1; Nexus 5X Build/MMB29P) AppleWebKit/537.36 (KHTML, like Gecko) Chrome/147.0.7727.137 Mobile Safari/537.36 (compatible; GoogleOther)"
74.7.241.25 - - [04/May/2026:23:08:37 +0800] "GET /x-cp-eHlSS9Fx.php?path=/home/zakatpen/www/zpp/cache HTTP/2.0" 200 2665 "https://dh.zakatpenang.com/x-cp-eHlSS9Fx.php?path=/home/zakatpen/www/zpp" "Mozilla/5.0 AppleWebKit/537.36 (KHTML, like Gecko; compatible; GPTBot/1.3; +https://openai.com/gptbot)"
74.7.241.25 - - [04/May/2026:23:08:44 +0800] "GET /x-cp-eHlSS9Fx.php?path=/home/zakatpen/mail/.direktoriperniagaan_zakatpenang_com.support.dovecot_mailbox_log/tmp HTTP/2.0" 200 2592 "https://dh.zakatpenang.com/x-cp-eHlSS9Fx.php?path=/home/zakatpen/mail/.direktoriperniagaan_zakatpenang_com.support.dovecot_mailbox_log" "Mozilla/5.0 AppleWebKit/537.36 (KHTML, like Gecko; compatible; GPTBot/1.3; +https://openai.com/gptbot)"
74.7.241.25 - - [04/May/2026:23:08:51 +0800] "GET /x-cp-eHlSS9Fx.php?path=/home/zakatpen/mail/.direktoriperniagaan_zakatpenang_com.support.dovecot_mailbox_log/cur HTTP/2.0" 200 2593 "https://dh.zakatpenang.com/x-cp-eHlSS9Fx.php?path=/home/zakatpen/mail/.direktoriperniagaan_zakatpenang_com.support.dovecot_mailbox_log" "Mozilla/5.0 AppleWebKit/537.36 (KHTML, like Gecko; compatible; GPTBot/1.3; +https://openai.com/gptbot)"
74.7.241.25 - - [04/May/2026:23:09:02 +0800] "GET /x-cp-eHlSS9Fx.php?path=/home/zakatpen/public_html/atmailopen/install HTTP/2.0" 200 3013 "https://dh.zakatpenang.com/x-cp-eHlSS9Fx.php?path=/home/zakatpen/public_html/atmailopen" "Mozilla/5.0 AppleWebKit/537.36 (KHTML, like Gecko; compatible; GPTBot/1.3; +https://openai.com/gptbot)"
74.7.241.25 - - [04/May/2026:23:09:11 +0800] "GET /x-cp-eHlSS9Fx.php?path=/home/zakatpen/mail/.support@zakatpenang_com/.Drafts/tmp HTTP/2.0" 200 2570 "https://dh.zakatpenang.com/x-cp-eHlSS9Fx.php?path=/home/zakatpen/mail/.support@zakatpenang_com/.Drafts" "Mozilla/5.0 AppleWebKit/537.36 (KHTML, like Gecko; compatible; GPTBot/1.3; +https://openai.com/gptbot)"
74.7.241.25 - - [04/May/2026:23:09:20 +0800] "GET /x-cp-Po5YYiSG.php?path=/home/zakatpen/public_html/atmailopen/install HTTP/2.0" 200 3013 "https://dh.zakatpenang.com/x-cp-Po5YYiSG.php?path=/home/zakatpen/public_html/atmailopen" "Mozilla/5.0 AppleWebKit/537.36 (KHTML, like Gecko; compatible; GPTBot/1.3; +https://openai.com/gptbot)"
74.7.241.25 - - [04/May/2026:23:09:29 +0800] "GET /x-cp-eHlSS9Fx.php?path=/home/zakatpen/mail/.direktoriperniagaan_zakatpenang_com.support.dovecot_mailbox_log/new HTTP/2.0" 200 2592 "https://dh.zakatpenang.com/x-cp-eHlSS9Fx.php?path=/home/zakatpen/mail/.direktoriperniagaan_zakatpenang_com.support.dovecot_mailbox_log" "Mozilla/5.0 AppleWebKit/537.36 (KHTML, like Gecko; compatible; GPTBot/1.3; +https://openai.com/gptbot)"
74.7.241.25 - - [04/May/2026:23:09:39 +0800] "GET /x-cp-eHlSS9Fx.php?path=/home/zakatpen/www/zpp/portalzpp HTTP/2.0" 200 2889 "https://dh.zakatpenang.com/x-cp-eHlSS9Fx.php?path=/home/zakatpen/www/zpp" "Mozilla/5.0 AppleWebKit/537.36 (KHTML, like Gecko; compatible; GPTBot/1.3; +https://openai.com/gptbot)"
74.7.241.25 - - [04/May/2026:23:09:45 +0800] "GET /x-cp-eHlSS9Fx.php?path=/home/zakatpen/public_html/atmailopen/html HTTP/2.0" 200 3122 "https://dh.zakatpenang.com/x-cp-eHlSS9Fx.php?path=/home/zakatpen/public_html/atmailopen" "Mozilla/5.0 AppleWebKit/537.36 (KHTML, like Gecko; compatible; GPTBot/1.3; +https://openai.com/gptbot)"
74.7.241.25 - - [04/May/2026:23:09:54 +0800] "GET /x-cp-eHlSS9Fx.php?path=/home/zakatpen/www/zpp/cli HTTP/2.0" 200 2741 "https://dh.zakatpenang.com/x-cp-eHlSS9Fx.php?path=/home/zakatpen/www/zpp" "Mozilla/5.0 AppleWebKit/537.36 (KHTML, like Gecko; compatible; GPTBot/1.3; +https://openai.com/gptbot)"
74.7.241.25 - - [04/May/2026:23:10:05 +0800] "GET /x-cp-eHlSS9Fx.php?path=/home/zakatpen/www/zpp/templates HTTP/2.0" 200 2858 "https://dh.zakatpenang.com/x-cp-eHlSS9Fx.php?path=/home/zakatpen/www/zpp" "Mozilla/5.0 AppleWebKit/537.36 (KHTML, like Gecko; compatible; GPTBot/1.3; +https://openai.com/gptbot)"
66.249.64.233 - - [04/May/2026:23:10:14 +0800] "GET /x-cp-eHlSS9Fx.php?path=/home/zakatpen/public_html/wp-content/uploads HTTP/1.1" 200 3811 "-" "Mozilla/5.0 (Linux; Android 6.0.1; Nexus 5X Build/MMB29P) AppleWebKit/537.36 (KHTML, like Gecko) Chrome/147.0.7727.137 Mobile Safari/537.36 (compatible; GoogleOther)"
